Last updated on 2025-02-16 10:50:42 CET.
Flavor | Version | Tinstall | Tcheck | Ttotal | Status | Flags |
---|---|---|---|---|---|---|
r-devel-linux-x86_64-debian-clang | 0.3.17 | 7.89 | 60.15 | 68.04 | NOTE | |
r-devel-linux-x86_64-debian-gcc | 0.3.17 | 5.22 | 41.95 | 47.17 | NOTE | |
r-devel-linux-x86_64-fedora-clang | 0.3.17 | 109.62 | NOTE | |||
r-devel-linux-x86_64-fedora-gcc | 0.3.17 | 114.39 | NOTE | |||
r-devel-macos-arm64 | 0.3.17 | 45.00 | OK | |||
r-devel-macos-x86_64 | 0.3.17 | 116.00 | NOTE | |||
r-devel-windows-x86_64 | 0.3.17 | 10.00 | 85.00 | 95.00 | NOTE | |
r-patched-linux-x86_64 | 0.3.17 | 7.56 | 54.89 | 62.45 | OK | |
r-release-linux-x86_64 | 0.3.17 | 7.63 | 55.34 | 62.97 | OK | |
r-release-macos-arm64 | 0.3.17 | 44.00 | OK | |||
r-release-macos-x86_64 | 0.3.17 | 68.00 | OK | |||
r-release-windows-x86_64 | 0.3.17 | 9.00 | 85.00 | 94.00 | OK | |
r-oldrel-macos-arm64 | 0.3.17 | 47.00 | OK | |||
r-oldrel-macos-x86_64 | 0.3.17 | 80.00 | OK | |||
r-oldrel-windows-x86_64 | 0.3.17 | 13.00 | 95.00 | 108.00 | OK |
Version: 0.3.17
Check: DESCRIPTION meta-information
Result: NOTE
Missing dependency on R >= 4.1.0 because package code uses the pipe
|> or function shorthand \(...) syntax added in R 4.1.0.
File(s) using such syntax:
‘cansim_metadata.R’ ‘cansim_vectors.R’
Flavors: r-devel-linux-x86_64-debian-clang, r-devel-linux-x86_64-debian-gcc, r-devel-linux-x86_64-fedora-clang, r-devel-linux-x86_64-fedora-gcc, r-devel-macos-x86_64, r-devel-windows-x86_64
These binaries (installable software) and packages are in development.
They may not be fully stable and should be used with caution. We make no claims about them.