Last updated on 2025-10-23 11:50:09 CEST.
Flavor | Version | Tinstall | Tcheck | Ttotal | Status | Flags |
---|---|---|---|---|---|---|
r-devel-linux-x86_64-debian-clang | 1.57.4 | 3.33 | 77.00 | 80.33 | NOTE | |
r-devel-linux-x86_64-debian-gcc | 1.57.4 | 2.78 | 49.30 | 52.08 | OK | |
r-devel-linux-x86_64-fedora-clang | 1.57.4 | 21.00 | 96.02 | 117.02 | OK | |
r-devel-linux-x86_64-fedora-gcc | 1.57.4 | 125.29 | OK | |||
r-devel-windows-x86_64 | 1.57.4 | 8.00 | 138.00 | 146.00 | OK | |
r-patched-linux-x86_64 | 1.57.4 | 3.72 | 74.67 | 78.39 | OK | |
r-release-linux-x86_64 | 1.57.4 | 2.32 | 73.56 | 75.88 | OK | |
r-release-macos-arm64 | 1.57.4 | 2.00 | 127.00 | 129.00 | OK | |
r-release-macos-x86_64 | 1.57.4 | 3.00 | 172.00 | 175.00 | OK | |
r-release-windows-x86_64 | 1.57.4 | 7.00 | 135.00 | 142.00 | OK | |
r-oldrel-macos-arm64 | 1.57.4 | 2.00 | 136.00 | 138.00 | OK | |
r-oldrel-macos-x86_64 | 1.57.4 | 3.00 | 165.00 | 168.00 | OK | |
r-oldrel-windows-x86_64 | 1.57.4 | 8.00 | 155.00 | 163.00 | OK |
Version: 1.57.4
Check: HTML version of manual
Result: NOTE
Found the following HTML validation problems:
ggplot.as.list.html:50:1 (ggplot.as.list.Rd:12): Warning: missing </ul> before </div>
Flavor: r-devel-linux-x86_64-debian-clang
These binaries (installable software) and packages are in development.
They may not be fully stable and should be used with caution. We make no claims about them.