Last updated on 2025-05-01 15:49:27 CEST.
Flavor | Version | Tinstall | Tcheck | Ttotal | Status | Flags |
---|---|---|---|---|---|---|
r-devel-linux-x86_64-debian-clang | 1.42 | 7.80 | 152.60 | 160.40 | NOTE | |
r-devel-linux-x86_64-debian-gcc | 1.42 | 5.59 | 96.42 | 102.01 | NOTE | |
r-devel-linux-x86_64-fedora-clang | 1.42 | 279.71 | OK | |||
r-devel-linux-x86_64-fedora-gcc | 1.42 | 243.51 | OK | |||
r-devel-windows-x86_64 | 1.42 | 9.00 | 143.00 | 152.00 | OK | |
r-patched-linux-x86_64 | 1.42 | 7.58 | 144.14 | 151.72 | OK | |
r-release-linux-x86_64 | OK | |||||
r-release-macos-arm64 | 1.42 | 79.00 | OK | |||
r-release-macos-x86_64 | 1.42 | 138.00 | OK | |||
r-release-windows-x86_64 | 1.42 | 11.00 | 150.00 | 161.00 | OK | |
r-oldrel-macos-arm64 | 1.42 | 63.00 | OK | |||
r-oldrel-macos-x86_64 | 1.42 | 106.00 | OK | |||
r-oldrel-windows-x86_64 | 1.42 | 12.00 | 200.00 | 212.00 | OK |
Version: 1.42
Check: CRAN incoming feasibility
Result: NOTE
Maintainer: ‘Joel Barnes <j@barnzilla.ca>’
Package CITATION file contains call(s) to old-style citEntry(). Please
use bibentry() instead.
Flavors: r-devel-linux-x86_64-debian-clang, r-devel-linux-x86_64-debian-gcc
These binaries (installable software) and packages are in development.
They may not be fully stable and should be used with caution. We make no claims about them.