Last updated on 2025-11-11 15:50:29 CET.
| Flavor | Version | Tinstall | Tcheck | Ttotal | Status | Flags |
|---|---|---|---|---|---|---|
| r-devel-linux-x86_64-debian-clang | 1.42 | 9.72 | 164.35 | 174.07 | NOTE | |
| r-devel-linux-x86_64-debian-gcc | 1.42 | 6.08 | 105.51 | 111.59 | NOTE | |
| r-devel-linux-x86_64-fedora-clang | 1.42 | 21.00 | 248.76 | 269.76 | OK | |
| r-devel-linux-x86_64-fedora-gcc | 1.42 | 20.00 | 251.16 | 271.16 | OK | |
| r-devel-windows-x86_64 | 1.42 | 11.00 | 152.00 | 163.00 | OK | |
| r-patched-linux-x86_64 | 1.42 | 9.71 | 154.05 | 163.76 | OK | |
| r-release-linux-x86_64 | 1.42 | 9.44 | 152.85 | 162.29 | OK | |
| r-release-macos-arm64 | 1.42 | 4.00 | 75.00 | 79.00 | OK | |
| r-release-macos-x86_64 | 1.42 | 6.00 | 132.00 | 138.00 | OK | |
| r-release-windows-x86_64 | 1.42 | 13.00 | 151.00 | 164.00 | OK | |
| r-oldrel-macos-arm64 | 1.42 | 3.00 | 60.00 | 63.00 | OK | |
| r-oldrel-macos-x86_64 | 1.42 | 5.00 | 101.00 | 106.00 | OK | |
| r-oldrel-windows-x86_64 | 1.42 | 15.00 | 206.00 | 221.00 | OK |
Version: 1.42
Check: CRAN incoming feasibility
Result: NOTE
Maintainer: ‘Joel Barnes <j@barnzilla.ca>’
Package CITATION file contains call(s) to old-style citEntry(). Please
use bibentry() instead.
Flavors: r-devel-linux-x86_64-debian-clang, r-devel-linux-x86_64-debian-gcc
These binaries (installable software) and packages are in development.
They may not be fully stable and should be used with caution. We make no claims about them.