CRAN Package Check Results for Package capl

Last updated on 2025-07-25 01:49:23 CEST.

Flavor Version Tinstall Tcheck Ttotal Status Flags
r-devel-linux-x86_64-debian-clang 1.42 8.15 154.17 162.32 NOTE
r-devel-linux-x86_64-debian-gcc 1.42 5.82 96.70 102.52 NOTE
r-devel-linux-x86_64-fedora-clang 1.42 250.88 OK
r-devel-linux-x86_64-fedora-gcc 1.42 255.11 OK
r-devel-windows-x86_64 1.42 10.00 155.00 165.00 OK
r-patched-linux-x86_64 1.42 8.69 141.28 149.97 OK
r-release-linux-x86_64 1.42 6.78 144.22 151.00 OK
r-release-macos-arm64 1.42 79.00 OK
r-release-macos-x86_64 1.42 138.00 OK
r-release-windows-x86_64 1.42 10.00 149.00 159.00 OK
r-oldrel-macos-arm64 1.42 63.00 OK
r-oldrel-macos-x86_64 1.42 106.00 OK
r-oldrel-windows-x86_64 1.42 12.00 215.00 227.00 OK

Check Details

Version: 1.42
Check: CRAN incoming feasibility
Result: NOTE Maintainer: ‘Joel Barnes <j@barnzilla.ca>’ Package CITATION file contains call(s) to old-style citEntry(). Please use bibentry() instead. Flavors: r-devel-linux-x86_64-debian-clang, r-devel-linux-x86_64-debian-gcc

These binaries (installable software) and packages are in development.
They may not be fully stable and should be used with caution. We make no claims about them.