Last updated on 2025-11-11 15:50:29 CET.
| Flavor | Version | Tinstall | Tcheck | Ttotal | Status | Flags |
|---|---|---|---|---|---|---|
| r-devel-linux-x86_64-debian-clang | 1.0.0 | 2.18 | 34.04 | 36.22 | NOTE | |
| r-devel-linux-x86_64-debian-gcc | 1.0.0 | 1.56 | 24.46 | 26.02 | NOTE | |
| r-devel-linux-x86_64-fedora-clang | 1.0.0 | 54.76 | OK | |||
| r-devel-linux-x86_64-fedora-gcc | 1.0.0 | 51.69 | OK | |||
| r-devel-windows-x86_64 | 1.0.0 | 3.00 | 48.00 | 51.00 | OK | |
| r-patched-linux-x86_64 | 1.0.0 | 2.84 | 32.72 | 35.56 | NOTE | |
| r-release-linux-x86_64 | 1.0.0 | 2.25 | 31.96 | 34.21 | NOTE | |
| r-release-macos-arm64 | 1.0.0 | 1.00 | 21.00 | 22.00 | OK | |
| r-release-macos-x86_64 | 1.0.0 | 2.00 | 30.00 | 32.00 | OK | |
| r-release-windows-x86_64 | 1.0.0 | 4.00 | 48.00 | 52.00 | OK | |
| r-oldrel-macos-arm64 | 1.0.0 | 1.00 | 23.00 | 24.00 | OK | |
| r-oldrel-macos-x86_64 | 1.0.0 | 2.00 | 25.00 | 27.00 | OK | |
| r-oldrel-windows-x86_64 | 1.0.0 | 3.00 | 49.00 | 52.00 | OK |
Version: 1.0.0
Check: for unstated dependencies in ‘demo’
Result: NOTE
'library' or 'require' call not declared from: ‘deSolve’
Flavors: r-devel-linux-x86_64-debian-clang, r-devel-linux-x86_64-debian-gcc, r-patched-linux-x86_64, r-release-linux-x86_64
These binaries (installable software) and packages are in development.
They may not be fully stable and should be used with caution. We make no claims about them.