CRAN Package Check Results for Package capybara

Last updated on 2025-05-03 22:49:49 CEST.

Flavor Version Tinstall Tcheck Ttotal Status Flags
r-devel-linux-x86_64-debian-clang 0.9.3 74.84 74.85 149.69 OK
r-devel-linux-x86_64-debian-gcc 0.9.3 51.94 54.06 106.00 OK
r-devel-linux-x86_64-fedora-clang 0.9.3 262.47 OK
r-devel-linux-x86_64-fedora-gcc 0.9.3 276.56 OK
r-devel-windows-x86_64 0.9.3 86.00 98.00 184.00 OK
r-patched-linux-x86_64 0.9.3 68.50 67.22 135.72 OK
r-release-linux-x86_64 OK
r-release-macos-arm64 0.9.3 73.00 OK
r-release-macos-x86_64 0.9.3 112.00 OK
r-release-windows-x86_64 0.9.3 83.00 99.00 182.00 OK
r-oldrel-macos-arm64 0.9.3 64.00 NOTE
r-oldrel-macos-x86_64 0.9.3 109.00 NOTE
r-oldrel-windows-x86_64 0.9.3 98.00 134.00 232.00 OK

Additional issues

rchk

Check Details

Version: 0.9.3
Check: installed package size
Result: NOTE installed size is 6.2Mb sub-directories of 1Mb or more: libs 5.5Mb Flavors: r-oldrel-macos-arm64, r-oldrel-macos-x86_64

These binaries (installable software) and packages are in development.
They may not be fully stable and should be used with caution. We make no claims about them.