Last updated on 2025-10-03 13:49:27 CEST.
Flavor | Version | Tinstall | Tcheck | Ttotal | Status | Flags |
---|---|---|---|---|---|---|
r-devel-linux-x86_64-debian-clang | 1.8.0 | 34.70 | 82.62 | 117.32 | OK | |
r-devel-linux-x86_64-debian-gcc | 1.8.0 | 25.98 | 57.46 | 83.44 | OK | |
r-devel-linux-x86_64-fedora-clang | 1.8.0 | 183.75 | OK | |||
r-devel-linux-x86_64-fedora-gcc | 1.8.0 | 202.16 | OK | |||
r-devel-windows-x86_64 | 1.8.0 | 42.00 | 101.00 | 143.00 | OK | |
r-patched-linux-x86_64 | 1.8.0 | 36.28 | 74.31 | 110.59 | OK | |
r-release-linux-x86_64 | 1.8.0 | 37.09 | 73.28 | 110.37 | OK | |
r-release-macos-arm64 | 1.8.0 | 12.00 | ERROR | |||
r-release-macos-x86_64 | 1.8.0 | 18.00 | ERROR | |||
r-release-windows-x86_64 | 1.8.0 | 40.00 | 101.00 | 141.00 | OK | |
r-oldrel-macos-arm64 | 1.8.0 | 16.00 | ERROR | |||
r-oldrel-macos-x86_64 | 1.8.0 | 23.00 | ERROR | |||
r-oldrel-windows-x86_64 | 1.8.0 | 48.00 | 128.00 | 176.00 | OK |
Version: 1.8.0
Check: whether package can be installed
Result: ERROR
Installation failed.
Flavors: r-release-macos-arm64, r-release-macos-x86_64, r-oldrel-macos-arm64, r-oldrel-macos-x86_64
These binaries (installable software) and packages are in development.
They may not be fully stable and should be used with caution. We make no claims about them.