Last updated on 2025-05-01 12:49:24 CEST.
Flavor | Version | Tinstall | Tcheck | Ttotal | Status | Flags |
---|---|---|---|---|---|---|
r-devel-linux-x86_64-debian-clang | 3.0-5 | 3.15 | 22.22 | 25.37 | NOTE | |
r-devel-linux-x86_64-debian-gcc | 3.0-5 | 2.31 | 16.70 | 19.01 | NOTE | |
r-devel-linux-x86_64-fedora-clang | 3.0-5 | 38.96 | NOTE | |||
r-devel-linux-x86_64-fedora-gcc | 3.0-5 | 37.34 | NOTE | |||
r-devel-windows-x86_64 | 3.0-5 | 4.00 | 52.00 | 56.00 | NOTE | |
r-patched-linux-x86_64 | 3.0-5 | 3.53 | 21.04 | 24.57 | NOTE | |
r-release-linux-x86_64 | NOTE | |||||
r-release-macos-arm64 | 3.0-5 | 18.00 | NOTE | |||
r-release-macos-x86_64 | 3.0-5 | 25.00 | NOTE | |||
r-release-windows-x86_64 | 3.0-5 | 7.00 | 53.00 | 60.00 | NOTE | |
r-oldrel-macos-arm64 | 3.0-5 | 21.00 | NOTE | |||
r-oldrel-macos-x86_64 | 3.0-5 | 27.00 | NOTE | |||
r-oldrel-windows-x86_64 | 3.0-5 | 5.00 | 55.00 | 60.00 | NOTE |
Version: 3.0-5
Check: Rd files
Result: NOTE
checkRd: (-1) States.Rd:48: Escaped LaTeX specials: \$
Flavors: r-devel-linux-x86_64-debian-clang, r-devel-linux-x86_64-debian-gcc, r-devel-linux-x86_64-fedora-clang, r-devel-linux-x86_64-fedora-gcc, r-devel-windows-x86_64, r-patched-linux-x86_64, r-release-linux-x86_64, r-release-macos-arm64, r-release-macos-x86_64, r-release-windows-x86_64, r-oldrel-macos-arm64, r-oldrel-macos-x86_64, r-oldrel-windows-x86_64
These binaries (installable software) and packages are in development.
They may not be fully stable and should be used with caution. We make no claims about them.