CRAN Package Check Results for Package carSurv

Last updated on 2025-07-02 03:50:37 CEST.

Flavor Version Tinstall Tcheck Ttotal Status Flags
r-devel-linux-x86_64-debian-clang 1.0.0 25.55 70.31 95.86 NOTE
r-devel-linux-x86_64-debian-gcc 1.0.0 17.63 52.48 70.11 NOTE
r-devel-linux-x86_64-fedora-clang 1.0.0 156.44 OK
r-devel-linux-x86_64-fedora-gcc 1.0.0 142.18 OK
r-devel-windows-x86_64 1.0.0 32.00 98.00 130.00 OK
r-patched-linux-x86_64 OK
r-release-linux-x86_64 1.0.0 22.24 65.48 87.72 OK
r-release-macos-arm64 1.0.0 51.00 OK
r-release-macos-x86_64 1.0.0 83.00 OK
r-release-windows-x86_64 1.0.0 32.00 97.00 129.00 OK
r-oldrel-macos-arm64 1.0.0 49.00 OK
r-oldrel-macos-x86_64 1.0.0 62.00 OK
r-oldrel-windows-x86_64 1.0.0 37.00 119.00 156.00 OK

Check Details

Version: 1.0.0
Check: CRAN incoming feasibility
Result: NOTE Maintainer: ‘Thomas Welchowski <welchow@imbie.meb.uni-bonn.de>’ No Authors@R field in DESCRIPTION. Please add one, modifying Authors@R: person(given = "Thomas", family = "Welchowski", role = c("aut", "cre"), email = "welchow@imbie.meb.uni-bonn.de") as necessary. The Description field contains <arXiv:1802.08178>. Please refer to arXiv e-prints via their arXiv DOI <doi:10.48550/arXiv.YYMM.NNNNN>. Flavors: r-devel-linux-x86_64-debian-clang, r-devel-linux-x86_64-debian-gcc

These binaries (installable software) and packages are in development.
They may not be fully stable and should be used with caution. We make no claims about them.