Last updated on 2025-05-08 04:52:00 CEST.
Flavor | Version | Tinstall | Tcheck | Ttotal | Status | Flags |
---|---|---|---|---|---|---|
r-devel-linux-x86_64-debian-clang | 1.0.0 | 24.31 | 69.45 | 93.76 | NOTE | |
r-devel-linux-x86_64-debian-gcc | 1.0.0 | 16.59 | 51.98 | 68.57 | NOTE | |
r-devel-linux-x86_64-fedora-clang | 1.0.0 | 169.81 | OK | |||
r-devel-linux-x86_64-fedora-gcc | 1.0.0 | 159.55 | OK | |||
r-devel-windows-x86_64 | 1.0.0 | 31.00 | 97.00 | 128.00 | OK | |
r-patched-linux-x86_64 | 1.0.0 | 25.20 | 66.91 | 92.11 | OK | |
r-release-linux-x86_64 | 1.0.0 | 21.93 | 66.86 | 88.79 | OK | |
r-release-macos-arm64 | 1.0.0 | 51.00 | OK | |||
r-release-macos-x86_64 | 1.0.0 | 83.00 | OK | |||
r-release-windows-x86_64 | 1.0.0 | 30.00 | 94.00 | 124.00 | OK | |
r-oldrel-macos-arm64 | 1.0.0 | 49.00 | OK | |||
r-oldrel-macos-x86_64 | 1.0.0 | 62.00 | OK | |||
r-oldrel-windows-x86_64 | 1.0.0 | 36.00 | 128.00 | 164.00 | OK |
Version: 1.0.0
Check: CRAN incoming feasibility
Result: NOTE
Maintainer: ‘Thomas Welchowski <welchow@imbie.meb.uni-bonn.de>’
No Authors@R field in DESCRIPTION.
Please add one, modifying
Authors@R: person(given = "Thomas",
family = "Welchowski",
role = c("aut", "cre"),
email = "welchow@imbie.meb.uni-bonn.de")
as necessary.
The Description field contains
<arXiv:1802.08178>.
Please refer to arXiv e-prints via their arXiv DOI <doi:10.48550/arXiv.YYMM.NNNNN>.
Flavors: r-devel-linux-x86_64-debian-clang, r-devel-linux-x86_64-debian-gcc
These binaries (installable software) and packages are in development.
They may not be fully stable and should be used with caution. We make no claims about them.