Last updated on 2025-05-01 14:49:05 CEST.
Flavor | Version | Tinstall | Tcheck | Ttotal | Status | Flags |
---|---|---|---|---|---|---|
r-devel-linux-x86_64-debian-clang | 2.1.1 | 12.35 | 139.46 | 151.81 | NOTE | |
r-devel-linux-x86_64-debian-gcc | 2.1.1 | 6.65 | 112.26 | 118.91 | NOTE | |
r-devel-linux-x86_64-fedora-clang | 2.1.1 | 381.96 | NOTE | |||
r-devel-linux-x86_64-fedora-gcc | 2.1.1 | 382.09 | NOTE | |||
r-devel-windows-x86_64 | 2.1.1 | 15.00 | 234.00 | 249.00 | NOTE | |
r-patched-linux-x86_64 | 2.1.1 | 12.82 | 132.86 | 145.68 | NOTE | |
r-release-linux-x86_64 | NOTE | |||||
r-release-macos-arm64 | 2.1.1 | 95.00 | NOTE | |||
r-release-macos-x86_64 | 2.1.1 | 171.00 | OK | |||
r-release-windows-x86_64 | 2.1.1 | 16.00 | 243.00 | 259.00 | NOTE | |
r-oldrel-macos-arm64 | 2.1.1 | 85.00 | OK | |||
r-oldrel-macos-x86_64 | 2.1.1 | 121.00 | OK | |||
r-oldrel-windows-x86_64 | 2.1.1 | 19.00 | 298.00 | 317.00 | OK |
Version: 2.1.1
Check: DESCRIPTION meta-information
Result: NOTE
Missing dependency on R >= 4.1.0 because package code uses the pipe
|> or function shorthand \(...) syntax added in R 4.1.0.
File(s) using such syntax:
‘do_la.Rd’ ‘linalg.Rd’ ‘scale_matrix.Rd’ ‘solve.caracas_symbol.Rd’
‘solve_lin.Rd’
Flavors: r-devel-linux-x86_64-debian-clang, r-devel-linux-x86_64-debian-gcc, r-devel-linux-x86_64-fedora-clang, r-devel-linux-x86_64-fedora-gcc, r-devel-windows-x86_64, r-patched-linux-x86_64, r-release-linux-x86_64, r-release-macos-arm64, r-release-windows-x86_64
These binaries (installable software) and packages are in development.
They may not be fully stable and should be used with caution. We make no claims about them.