Last updated on 2025-07-11 13:48:22 CEST.
Flavor | Version | Tinstall | Tcheck | Ttotal | Status | Flags |
---|---|---|---|---|---|---|
r-devel-linux-x86_64-debian-clang | 2.2.1 | 75.58 | 73.69 | 149.27 | OK | |
r-devel-linux-x86_64-debian-gcc | 2.2.1 | 51.33 | 51.93 | 103.26 | OK | |
r-devel-linux-x86_64-fedora-clang | 2.2.1 | 229.30 | OK | |||
r-devel-linux-x86_64-fedora-gcc | 2.2.1 | 240.39 | OK | |||
r-devel-windows-x86_64 | 2.2.1 | 71.00 | 112.00 | 183.00 | OK | |
r-patched-linux-x86_64 | 2.2.1 | 72.60 | 68.40 | 141.00 | OK | |
r-release-linux-x86_64 | 2.2.1 | 71.55 | 68.82 | 140.37 | OK | |
r-release-macos-arm64 | 2.2.1 | 68.00 | OK | |||
r-release-macos-x86_64 | 2.2.1 | 116.00 | OK | |||
r-release-windows-x86_64 | 2.2.1 | 73.00 | 109.00 | 182.00 | OK | |
r-oldrel-macos-arm64 | 2.2.1 | 58.00 | NOTE | |||
r-oldrel-macos-x86_64 | 2.2.1 | 88.00 | NOTE | |||
r-oldrel-windows-x86_64 | 2.2.1 | 87.00 | 146.00 | 233.00 | OK |
Version: 2.2.1
Check: installed package size
Result: NOTE
installed size is 10.6Mb
sub-directories of 1Mb or more:
libs 10.2Mb
Flavors: r-oldrel-macos-arm64, r-oldrel-macos-x86_64
These binaries (installable software) and packages are in development.
They may not be fully stable and should be used with caution. We make no claims about them.