Last updated on 2025-07-26 07:50:17 CEST.
Flavor | Version | Tinstall | Tcheck | Ttotal | Status | Flags |
---|---|---|---|---|---|---|
r-devel-linux-x86_64-debian-clang | 0.2.1 | 8.59 | 89.17 | 97.76 | OK | |
r-devel-linux-x86_64-debian-gcc | 0.2.1 | 6.34 | 62.04 | 68.38 | OK | |
r-devel-linux-x86_64-fedora-clang | 0.2.1 | 152.45 | NOTE | |||
r-devel-linux-x86_64-fedora-gcc | 0.2.1 | 152.53 | NOTE | |||
r-devel-windows-x86_64 | 0.2.1 | 11.00 | 102.00 | 113.00 | OK | |
r-patched-linux-x86_64 | 0.2.1 | 10.14 | 81.51 | 91.65 | OK | |
r-release-linux-x86_64 | 0.2.1 | 7.93 | 80.59 | 88.52 | OK | |
r-release-macos-arm64 | 0.2.1 | 53.00 | OK | |||
r-release-macos-x86_64 | 0.2.1 | 87.00 | OK | |||
r-release-windows-x86_64 | 0.2.1 | 12.00 | 101.00 | 113.00 | OK | |
r-oldrel-macos-arm64 | 0.2.1 | 50.00 | OK | |||
r-oldrel-macos-x86_64 | 0.2.1 | 82.00 | OK | |||
r-oldrel-windows-x86_64 | 0.2.1 | 15.00 | 137.00 | 152.00 | OK |
Version: 0.2.1
Check: dependencies in R code
Result: NOTE
Namespaces in Imports field not imported from:
‘sp’ ‘tibble’
All declared Imports should be used.
Flavors: r-devel-linux-x86_64-fedora-clang, r-devel-linux-x86_64-fedora-gcc
These binaries (installable software) and packages are in development.
They may not be fully stable and should be used with caution. We make no claims about them.