CRAN Package Check Results for Package cardidates

Last updated on 2025-05-01 15:49:27 CEST.

Flavor Version Tinstall Tcheck Ttotal Status Flags
r-devel-linux-x86_64-debian-clang 0.4.9 2.72 39.76 42.48 NOTE
r-devel-linux-x86_64-debian-gcc 0.4.9 2.33 30.86 33.19 NOTE
r-devel-linux-x86_64-fedora-clang 0.4.9 67.95 NOTE
r-devel-linux-x86_64-fedora-gcc 0.4.9 78.78 NOTE
r-devel-windows-x86_64 0.4.9 4.00 102.00 106.00 NOTE
r-patched-linux-x86_64 0.4.9 3.33 38.46 41.79 NOTE
r-release-linux-x86_64 NOTE
r-release-macos-arm64 0.4.9 43.00 NOTE
r-release-macos-x86_64 0.4.9 61.00 NOTE
r-release-windows-x86_64 0.4.9 3.00 98.00 101.00 NOTE
r-oldrel-macos-arm64 0.4.9 31.00 NOTE
r-oldrel-macos-x86_64 0.4.9 47.00 NOTE
r-oldrel-windows-x86_64 0.4.9 4.00 92.00 96.00 NOTE

Check Details

Version: 0.4.9
Check: Rd files
Result: NOTE checkRd: (-1) fitweibull.Rd:51: Lost braces in \itemize; \value handles \item{}{} directly checkRd: (-1) fitweibull.Rd:52: Lost braces in \itemize; \value handles \item{}{} directly checkRd: (-1) fitweibull.Rd:53: Lost braces in \itemize; \value handles \item{}{} directly Flavors: r-devel-linux-x86_64-debian-clang, r-devel-linux-x86_64-debian-gcc, r-devel-linux-x86_64-fedora-clang, r-devel-linux-x86_64-fedora-gcc, r-devel-windows-x86_64, r-patched-linux-x86_64, r-release-linux-x86_64, r-release-macos-arm64, r-release-macos-x86_64, r-release-windows-x86_64, r-oldrel-macos-arm64, r-oldrel-macos-x86_64, r-oldrel-windows-x86_64

These binaries (installable software) and packages are in development.
They may not be fully stable and should be used with caution. We make no claims about them.