Last updated on 2025-05-22 06:51:41 CEST.
Flavor | Version | Tinstall | Tcheck | Ttotal | Status | Flags |
---|---|---|---|---|---|---|
r-devel-linux-x86_64-debian-clang | 1.1.11 | 1.92 | 20.35 | 22.27 | NOTE | |
r-devel-linux-x86_64-debian-gcc | 1.1.11 | 1.39 | 16.61 | 18.00 | NOTE | |
r-devel-linux-x86_64-fedora-clang | 1.1.11 | 34.18 | OK | |||
r-devel-linux-x86_64-fedora-gcc | 1.1.11 | 32.79 | OK | |||
r-devel-windows-x86_64 | 1.1.11 | 3.00 | 60.00 | 63.00 | OK | |
r-patched-linux-x86_64 | 1.1.11 | 2.00 | 19.55 | 21.55 | OK | |
r-release-linux-x86_64 | 1.1.11 | 1.76 | 19.70 | 21.46 | OK | |
r-release-macos-arm64 | 1.1.11 | 18.00 | OK | |||
r-release-macos-x86_64 | 1.1.11 | 26.00 | OK | |||
r-release-windows-x86_64 | 1.1.11 | 3.00 | 73.00 | 76.00 | OK | |
r-oldrel-macos-arm64 | 1.1.11 | 22.00 | OK | |||
r-oldrel-macos-x86_64 | 1.1.11 | 24.00 | OK | |||
r-oldrel-windows-x86_64 | 1.1.11 | 3.00 | 47.00 | 50.00 | OK |
Version: 1.1.11
Check: CRAN incoming feasibility
Result: NOTE
Maintainer: ‘Korbinian Strimmer <strimmerlab@gmail.com>’
No Authors@R field in DESCRIPTION.
Please add one, modifying
Authors@R: c(person(given = "Verena",
family = "Zuber",
role = "aut"),
person(given = "Korbinian",
family = "Strimmer.",
role = "aut"),
person(given = "Korbinian",
family = "Strimmer",
role = "cre",
email = "strimmerlab@gmail.com"))
as necessary.
Flavors: r-devel-linux-x86_64-debian-clang, r-devel-linux-x86_64-debian-gcc
These binaries (installable software) and packages are in development.
They may not be fully stable and should be used with caution. We make no claims about them.