CRAN Package Check Results for Package care

Last updated on 2025-07-04 09:49:47 CEST.

Flavor Version Tinstall Tcheck Ttotal Status Flags
r-devel-linux-x86_64-debian-clang 1.1.11 1.60 20.52 22.12 NOTE
r-devel-linux-x86_64-debian-gcc 1.1.11 1.45 17.23 18.68 NOTE
r-devel-linux-x86_64-fedora-clang 1.1.11 35.07 OK
r-devel-linux-x86_64-fedora-gcc 1.1.11 33.31 OK
r-devel-windows-x86_64 1.1.11 3.00 41.00 44.00 OK
r-patched-linux-x86_64 1.1.11 1.76 19.77 21.53 OK
r-release-linux-x86_64 1.1.11 1.78 19.81 21.59 OK
r-release-macos-arm64 1.1.11 18.00 OK
r-release-macos-x86_64 1.1.11 26.00 OK
r-release-windows-x86_64 1.1.11 3.00 44.00 47.00 OK
r-oldrel-macos-arm64 1.1.11 22.00 OK
r-oldrel-macos-x86_64 1.1.11 24.00 OK
r-oldrel-windows-x86_64 1.1.11 3.00 46.00 49.00 OK

Check Details

Version: 1.1.11
Check: CRAN incoming feasibility
Result: NOTE Maintainer: ‘Korbinian Strimmer <strimmerlab@gmail.com>’ No Authors@R field in DESCRIPTION. Please add one, modifying Authors@R: c(person(given = "Verena", family = "Zuber", role = "aut"), person(given = "Korbinian", family = "Strimmer.", role = "aut"), person(given = "Korbinian", family = "Strimmer", role = "cre", email = "strimmerlab@gmail.com")) as necessary. Flavors: r-devel-linux-x86_64-debian-clang, r-devel-linux-x86_64-debian-gcc

These binaries (installable software) and packages are in development.
They may not be fully stable and should be used with caution. We make no claims about them.