Last updated on 2025-02-16 10:50:43 CET.
Flavor | Version | Tinstall | Tcheck | Ttotal | Status | Flags |
---|---|---|---|---|---|---|
r-devel-linux-x86_64-debian-clang | 7.0-1 | 35.71 | 368.75 | 404.46 | OK | |
r-devel-linux-x86_64-debian-gcc | 7.0-1 | 26.11 | 236.21 | 262.32 | OK | |
r-devel-linux-x86_64-fedora-clang | 7.0-1 | 637.07 | OK | |||
r-devel-linux-x86_64-fedora-gcc | 7.0-1 | 657.83 | OK | |||
r-devel-macos-arm64 | 7.0-1 | 155.00 | OK | |||
r-devel-macos-x86_64 | 7.0-1 | 317.00 | ERROR | |||
r-devel-windows-x86_64 | 7.0-1 | 35.00 | 328.00 | 363.00 | OK | --no-vignettes |
r-patched-linux-x86_64 | 7.0-1 | 37.97 | 331.57 | 369.54 | OK | |
r-release-linux-x86_64 | 7.0-1 | 35.09 | 333.67 | 368.76 | OK | |
r-release-macos-arm64 | 7.0-1 | 145.00 | OK | |||
r-release-macos-x86_64 | 7.0-1 | 418.00 | OK | |||
r-release-windows-x86_64 | 7.0-1 | 35.00 | 324.00 | 359.00 | OK | --no-vignettes |
r-oldrel-macos-arm64 | 7.0-1 | 148.00 | OK | |||
r-oldrel-macos-x86_64 | 7.0-1 | 313.00 | OK | |||
r-oldrel-windows-x86_64 | 7.0-1 | 51.00 | 366.00 | 417.00 | OK | --no-vignettes |
Version: 7.0-1
Check: re-building of vignette outputs
Result: ERROR
Error(s) in re-building vignettes:
--- re-building ‘caret.Rmd’ using rmarkdown
Quitting from lines 11-41 [loadLibs] (caret.Rmd)
Error: processing vignette 'caret.Rmd' failed with diagnostics:
there is no package called 'klaR'
--- failed re-building ‘caret.Rmd’
SUMMARY: processing the following file failed:
‘caret.Rmd’
Error: Vignette re-building failed.
Execution halted
Flavor: r-devel-macos-x86_64
These binaries (installable software) and packages are in development.
They may not be fully stable and should be used with caution. We make no claims about them.