Last updated on 2025-11-11 17:49:54 CET.
| Flavor | Version | Tinstall | Tcheck | Ttotal | Status | Flags |
|---|---|---|---|---|---|---|
| r-devel-linux-x86_64-debian-clang | 7.0-1 | 39.29 | 396.59 | 435.88 | OK | |
| r-devel-linux-x86_64-debian-gcc | 7.0-1 | 27.41 | 247.79 | 275.20 | OK | |
| r-devel-linux-x86_64-fedora-clang | 7.0-1 | 88.00 | 574.45 | 662.45 | OK | |
| r-devel-linux-x86_64-fedora-gcc | 7.0-1 | 79.00 | 559.51 | 638.51 | OK | |
| r-devel-windows-x86_64 | 7.0-1 | 39.00 | 348.00 | 387.00 | OK | --no-vignettes |
| r-patched-linux-x86_64 | 7.0-1 | 41.02 | 365.01 | 406.03 | OK | |
| r-release-linux-x86_64 | 7.0-1 | 30.45 | 363.74 | 394.19 | OK | |
| r-release-macos-arm64 | 7.0-1 | 15.00 | 137.00 | 152.00 | OK | |
| r-release-macos-x86_64 | 7.0-1 | 36.00 | 281.00 | 317.00 | ERROR | |
| r-release-windows-x86_64 | 7.0-1 | 36.00 | 372.00 | 408.00 | OK | --no-vignettes |
| r-oldrel-macos-arm64 | 7.0-1 | 15.00 | 130.00 | 145.00 | OK | |
| r-oldrel-macos-x86_64 | 7.0-1 | 33.00 | 385.00 | 418.00 | OK | |
| r-oldrel-windows-x86_64 | 7.0-1 | 54.00 | 397.00 | 451.00 | OK | --no-vignettes |
Version: 7.0-1
Check: re-building of vignette outputs
Result: ERROR
Error(s) in re-building vignettes:
--- re-building ‘caret.Rmd’ using rmarkdown
Quitting from lines 11-41 [loadLibs] (caret.Rmd)
Error: processing vignette 'caret.Rmd' failed with diagnostics:
there is no package called 'klaR'
--- failed re-building ‘caret.Rmd’
SUMMARY: processing the following file failed:
‘caret.Rmd’
Error: Vignette re-building failed.
Execution halted
Flavor: r-release-macos-x86_64
These binaries (installable software) and packages are in development.
They may not be fully stable and should be used with caution. We make no claims about them.