CRAN Package Check Results for Package carfima

Last updated on 2025-05-08 04:52:00 CEST.

Flavor Version Tinstall Tcheck Ttotal Status Flags
r-devel-linux-x86_64-debian-clang 2.0.2 2.61 24.84 27.45 NOTE
r-devel-linux-x86_64-debian-gcc 2.0.2 1.99 19.10 21.09 NOTE
r-devel-linux-x86_64-fedora-clang 2.0.2 43.19 OK
r-devel-linux-x86_64-fedora-gcc 2.0.2 40.93 OK
r-devel-windows-x86_64 2.0.2 4.00 44.00 48.00 OK
r-patched-linux-x86_64 2.0.2 2.76 24.29 27.05 OK
r-release-linux-x86_64 2.0.2 2.60 24.01 26.61 OK
r-release-macos-arm64 2.0.2 19.00 OK
r-release-macos-x86_64 2.0.2 28.00 OK
r-release-windows-x86_64 2.0.2 3.00 46.00 49.00 OK
r-oldrel-macos-arm64 2.0.2 22.00 OK
r-oldrel-macos-x86_64 2.0.2 25.00 OK
r-oldrel-windows-x86_64 2.0.2 4.00 48.00 52.00 OK

Check Details

Version: 2.0.2
Check: CRAN incoming feasibility
Result: NOTE Maintainer: ‘Hyungsuk Tak <hyungsuk.tak@gmail.com>’ No Authors@R field in DESCRIPTION. Please add one, modifying Authors@R: c(person(given = "Hyungsuk", family = "Tak", role = c("aut", "cre"), email = "hyungsuk.tak@gmail.com"), person(given = "Henghsiu", family = "Tsai", role = "aut"), person(given = "Kisung", family = "You", role = "aut")) as necessary. Flavors: r-devel-linux-x86_64-debian-clang, r-devel-linux-x86_64-debian-gcc

These binaries (installable software) and packages are in development.
They may not be fully stable and should be used with caution. We make no claims about them.