Last updated on 2025-02-16 10:50:43 CET.
Flavor | Version | Tinstall | Tcheck | Ttotal | Status | Flags |
---|---|---|---|---|---|---|
r-devel-linux-x86_64-debian-clang | 0.4.9 | 2.42 | 20.08 | 22.50 | NOTE | |
r-devel-linux-x86_64-debian-gcc | 0.4.9 | 1.81 | 15.95 | 17.76 | NOTE | |
r-devel-linux-x86_64-fedora-clang | 0.4.9 | 37.79 | NOTE | |||
r-devel-linux-x86_64-fedora-gcc | 0.4.9 | 34.52 | NOTE | |||
r-devel-macos-arm64 | 0.4.9 | 16.00 | NOTE | |||
r-devel-macos-x86_64 | 0.4.9 | 29.00 | NOTE | |||
r-devel-windows-x86_64 | 0.4.9 | 3.00 | 44.00 | 47.00 | NOTE | |
r-patched-linux-x86_64 | 0.4.9 | 2.28 | 19.08 | 21.36 | NOTE | |
r-release-linux-x86_64 | 0.4.9 | 2.24 | 19.12 | 21.36 | NOTE | |
r-release-macos-arm64 | 0.4.9 | 21.00 | NOTE | |||
r-release-macos-x86_64 | 0.4.9 | 23.00 | NOTE | |||
r-release-windows-x86_64 | 0.4.9 | 4.00 | 53.00 | 57.00 | NOTE | |
r-oldrel-macos-arm64 | 0.4.9 | 20.00 | OK | |||
r-oldrel-macos-x86_64 | 0.4.9 | 36.00 | OK | |||
r-oldrel-windows-x86_64 | 0.4.9 | 3.00 | 66.00 | 69.00 | OK |
Version: 0.4.9
Check: Rd files
Result: NOTE
checkRd: (-1) build_for_cran.Rd:13: Lost braces
13 | The exit status code{R CMD build}, invisibly.
| ^
Flavors: r-devel-linux-x86_64-debian-clang, r-devel-linux-x86_64-debian-gcc, r-devel-linux-x86_64-fedora-clang, r-devel-linux-x86_64-fedora-gcc, r-devel-macos-arm64, r-devel-macos-x86_64, r-devel-windows-x86_64, r-patched-linux-x86_64, r-release-linux-x86_64, r-release-macos-arm64, r-release-macos-x86_64, r-release-windows-x86_64
These binaries (installable software) and packages are in development.
They may not be fully stable and should be used with caution. We make no claims about them.