Last updated on 2025-05-08 04:52:00 CEST.
Flavor | Version | Tinstall | Tcheck | Ttotal | Status | Flags |
---|---|---|---|---|---|---|
r-devel-linux-x86_64-debian-clang | 0.2.2 | 3.78 | 41.61 | 45.39 | OK | |
r-devel-linux-x86_64-debian-gcc | 0.2.2 | 2.79 | 31.17 | 33.96 | OK | |
r-devel-linux-x86_64-fedora-clang | 0.2.2 | 72.08 | OK | |||
r-devel-linux-x86_64-fedora-gcc | 0.2.2 | 79.21 | OK | |||
r-devel-windows-x86_64 | 0.2.2 | 5.00 | 58.00 | 63.00 | OK | |
r-patched-linux-x86_64 | 0.2.2 | 3.69 | 38.50 | 42.19 | OK | |
r-release-linux-x86_64 | 0.2.2 | 3.24 | 38.31 | 41.55 | OK | |
r-release-macos-arm64 | 0.2.2 | 33.00 | OK | |||
r-release-macos-x86_64 | 0.2.2 | 55.00 | OK | |||
r-release-windows-x86_64 | 0.2.2 | 5.00 | 57.00 | 62.00 | OK | |
r-oldrel-macos-arm64 | 0.2.2 | 31.00 | NOTE | |||
r-oldrel-macos-x86_64 | 0.2.2 | 44.00 | NOTE | |||
r-oldrel-windows-x86_64 | 0.2.2 | 6.00 | 73.00 | 79.00 | NOTE |
Version: 0.2.2
Check: LazyData
Result: NOTE
'LazyData' is specified without a 'data' directory
Flavors: r-oldrel-macos-arm64, r-oldrel-macos-x86_64, r-oldrel-windows-x86_64
These binaries (installable software) and packages are in development.
They may not be fully stable and should be used with caution. We make no claims about them.