Last updated on 2025-10-23 23:49:24 CEST.
| Flavor | Version | Tinstall | Tcheck | Ttotal | Status | Flags |
|---|---|---|---|---|---|---|
| r-devel-linux-x86_64-debian-clang | 0.3.0 | 3.64 | 43.74 | 47.38 | NOTE | |
| r-devel-linux-x86_64-debian-gcc | 0.3.0 | 2.96 | 33.52 | 36.48 | OK | |
| r-devel-linux-x86_64-fedora-clang | 0.3.0 | 11.00 | 60.10 | 71.10 | OK | |
| r-devel-linux-x86_64-fedora-gcc | 0.3.0 | 11.00 | 61.93 | 72.93 | OK | |
| r-devel-windows-x86_64 | 0.3.0 | 6.00 | 55.00 | 61.00 | OK | |
| r-patched-linux-x86_64 | 0.3.0 | 3.64 | 41.02 | 44.66 | OK | |
| r-release-linux-x86_64 | 0.3.0 | 3.62 | 40.78 | 44.40 | OK | |
| r-release-macos-arm64 | 0.3.0 | 3.00 | 24.00 | 27.00 | OK | |
| r-release-macos-x86_64 | 0.3.0 | 4.00 | 42.00 | 46.00 | OK | |
| r-release-windows-x86_64 | 0.3.0 | 6.00 | 56.00 | 62.00 | OK | |
| r-oldrel-macos-arm64 | 0.3.0 | 2.00 | 21.00 | 23.00 | OK | |
| r-oldrel-macos-x86_64 | 0.3.0 | 5.00 | 47.00 | 52.00 | OK | |
| r-oldrel-windows-x86_64 | 0.3.0 | 6.00 | 67.00 | 73.00 | OK |
Version: 0.3.0
Check: HTML version of manual
Result: NOTE
Found the following HTML validation problems:
cartogram.html:70:1 (cartogram.Rd:24): Warning: missing </ul> before </div>
nc_cartogram.html:62:1 (nc_cartogram.Rd:19): Warning: missing </ul> before </div>
Flavor: r-devel-linux-x86_64-debian-clang
These binaries (installable software) and packages are in development.
They may not be fully stable and should be used with caution. We make no claims about them.