Last updated on 2024-07-27 15:50:13 CEST.
Flavor | Version | Tinstall | Tcheck | Ttotal | Status | Flags |
---|---|---|---|---|---|---|
r-devel-linux-x86_64-debian-clang | 1.0-10 | 13.20 | 57.30 | 70.50 | OK | |
r-devel-linux-x86_64-debian-gcc | 1.0-10 | NOTE | ||||
r-devel-linux-x86_64-fedora-clang | 1.0-10 | 86.98 | OK | |||
r-devel-linux-x86_64-fedora-gcc | 1.1-0 | 95.89 | OK | |||
r-devel-windows-x86_64 | 1.1-0 | 23.00 | 78.00 | 101.00 | OK | |
r-patched-linux-x86_64 | 1.0-10 | OK | ||||
r-release-linux-x86_64 | 1.0-10 | 11.14 | 54.36 | 65.50 | OK | |
r-release-macos-arm64 | 1.0-10 | 31.00 | OK | |||
r-release-macos-x86_64 | 1.1-0 | 83.00 | OK | |||
r-release-windows-x86_64 | 1.0-10 | 19.00 | 71.00 | 90.00 | OK | |
r-oldrel-macos-arm64 | 1.0-10 | 43.00 | OK | |||
r-oldrel-macos-x86_64 | 1.1-0 | 56.00 | OK | |||
r-oldrel-windows-x86_64 | 1.0-10 | 22.00 | 84.00 | 106.00 | OK |
Version: 1.0-10
Check: Rd cross-references
Result: NOTE
Found the following Rd file(s) with Rd \link{} targets missing package
anchors:
cartogramR.Rd: st_point_on_surface
residuals.cartogramR.Rd: st_point_on_surface
Please provide package anchors for all Rd \link{} targets not in the
package itself and the base packages.
Flavor: r-devel-linux-x86_64-debian-gcc
These binaries (installable software) and packages are in development.
They may not be fully stable and should be used with caution. We make no claims about them.