CRAN Package Check Results for Package cartographer

Last updated on 2025-02-02 14:48:19 CET.

Flavor Version Tinstall Tcheck Ttotal Status Flags
r-devel-linux-x86_64-debian-clang 0.2.1 3.35 43.51 46.86 NOTE
r-devel-linux-x86_64-debian-gcc 0.2.1 2.55 32.80 35.35 NOTE
r-devel-linux-x86_64-fedora-clang 0.2.1 77.63 NOTE
r-devel-linux-x86_64-fedora-gcc 0.2.1 85.37 NOTE
r-devel-windows-x86_64 0.2.1 7.00 65.00 72.00 NOTE
r-patched-linux-x86_64 0.2.1 3.26 40.08 43.34 NOTE
r-release-linux-x86_64 0.2.1 2.54 40.46 43.00 NOTE
r-release-macos-arm64 0.2.1 32.00 NOTE
r-release-macos-x86_64 0.2.1 47.00 NOTE
r-release-windows-x86_64 0.2.1 7.00 65.00 72.00 NOTE
r-oldrel-macos-arm64 0.2.1 37.00 NOTE
r-oldrel-macos-x86_64 0.2.1 63.00 NOTE
r-oldrel-windows-x86_64 0.2.1 7.00 69.00 76.00 NOTE

Check Details

Version: 0.2.1
Check: compiled code
Result: NOTE File ‘cartographer/libs/cartographer.so’: Found non-API call to R: ‘PRVALUE’ Compiled code should not call non-API entry points in R. See ‘Writing portable packages’ in the ‘Writing R Extensions’ manual, and section ‘Moving into C API compliance’ for issues with the use of non-API entry points. Flavors: r-devel-linux-x86_64-debian-clang, r-devel-linux-x86_64-debian-gcc, r-devel-linux-x86_64-fedora-clang, r-devel-linux-x86_64-fedora-gcc

Version: 0.2.1
Check: compiled code
Result: NOTE File 'cartographer/libs/x64/cartographer.dll': Found non-API call to R: 'PRVALUE' Compiled code should not call non-API entry points in R. See 'Writing portable packages' in the 'Writing R Extensions' manual, and section 'Moving into C API compliance' for issues with the use of non-API entry points. Flavor: r-devel-windows-x86_64

Version: 0.2.1
Check: package dependencies
Result: NOTE Package suggested but not available for checking: ‘rnaturalearthhires’ Flavors: r-patched-linux-x86_64, r-release-linux-x86_64, r-release-macos-arm64, r-release-macos-x86_64, r-release-windows-x86_64, r-oldrel-macos-arm64, r-oldrel-macos-x86_64, r-oldrel-windows-x86_64

These binaries (installable software) and packages are in development.
They may not be fully stable and should be used with caution. We make no claims about them.