Last updated on 2024-07-27 15:50:13 CEST.
Flavor | Version | Tinstall | Tcheck | Ttotal | Status | Flags |
---|---|---|---|---|---|---|
r-devel-linux-x86_64-debian-clang | 3.1.4 | 18.68 | 179.57 | 198.25 | OK | |
r-devel-linux-x86_64-debian-gcc | 3.1.4 | NOTE | ||||
r-devel-linux-x86_64-fedora-clang | 3.1.4 | 272.77 | OK | |||
r-devel-linux-x86_64-fedora-gcc | 3.1.4 | 257.63 | OK | |||
r-devel-windows-x86_64 | 3.1.4 | 23.00 | 179.00 | 202.00 | NOTE | |
r-patched-linux-x86_64 | 3.1.4 | OK | ||||
r-release-linux-x86_64 | 3.1.4 | 15.73 | 177.43 | 193.16 | OK | |
r-release-macos-arm64 | 3.1.4 | 71.00 | OK | |||
r-release-macos-x86_64 | 3.1.4 | 112.00 | OK | |||
r-release-windows-x86_64 | 3.1.4 | 25.00 | 180.00 | 205.00 | OK | |
r-oldrel-macos-arm64 | 3.1.4 | 107.00 | OK | |||
r-oldrel-macos-x86_64 | 3.1.4 | 174.00 | OK | |||
r-oldrel-windows-x86_64 | 3.1.4 | 25.00 | 221.00 | 246.00 | OK |
Version: 3.1.4
Check: Rd cross-references
Result: NOTE
Found the following Rd file(s) with Rd \link{} targets missing package
anchors:
dotDensityLayer.Rd: st_sample
Please provide package anchors for all Rd \link{} targets not in the
package itself and the base packages.
Flavors: r-devel-linux-x86_64-debian-gcc, r-devel-windows-x86_64
These binaries (installable software) and packages are in development.
They may not be fully stable and should be used with caution. We make no claims about them.