Last updated on 2025-07-04 21:50:02 CEST.
Flavor | Version | Tinstall | Tcheck | Ttotal | Status | Flags |
---|---|---|---|---|---|---|
r-devel-linux-x86_64-debian-clang | 1.1.0 | 2.52 | 24.87 | 27.39 | OK | |
r-devel-linux-x86_64-debian-gcc | 1.1.0 | 1.88 | 20.03 | 21.91 | OK | |
r-devel-linux-x86_64-fedora-clang | 1.1.0 | 41.63 | NOTE | |||
r-devel-linux-x86_64-fedora-gcc | 1.1.0 | 40.24 | NOTE | |||
r-devel-windows-x86_64 | 1.1.0 | 6.00 | 45.00 | 51.00 | OK | |
r-patched-linux-x86_64 | 1.1.0 | 2.68 | 23.31 | 25.99 | OK | |
r-release-linux-x86_64 | 1.1.0 | 2.26 | 23.43 | 25.69 | OK | |
r-release-macos-arm64 | 1.1.0 | 20.00 | OK | |||
r-release-macos-x86_64 | 1.1.0 | 33.00 | OK | |||
r-release-windows-x86_64 | 1.1.0 | 5.00 | 44.00 | 49.00 | OK | |
r-oldrel-macos-arm64 | 1.1.0 | 17.00 | NOTE | |||
r-oldrel-macos-x86_64 | 1.1.0 | 23.00 | NOTE | |||
r-oldrel-windows-x86_64 | 1.1.0 | 7.00 | 51.00 | 58.00 | NOTE |
Version: 1.1.0
Check: dependencies in R code
Result: NOTE
Namespace in Imports field not imported from: ‘shiny’
All declared Imports should be used.
Flavors: r-devel-linux-x86_64-fedora-clang, r-devel-linux-x86_64-fedora-gcc
Version: 1.1.0
Check: installed package size
Result: NOTE
installed size is 12.2Mb
sub-directories of 1Mb or more:
www 12.1Mb
Flavors: r-oldrel-macos-arm64, r-oldrel-macos-x86_64, r-oldrel-windows-x86_64
These binaries (installable software) and packages are in development.
They may not be fully stable and should be used with caution. We make no claims about them.