CRAN Package Check Results for Package cascadeSelect

Last updated on 2025-05-01 12:49:24 CEST.

Flavor Version Tinstall Tcheck Ttotal Status Flags
r-devel-linux-x86_64-debian-clang 1.1.0 3.35 24.27 27.62 OK
r-devel-linux-x86_64-debian-gcc 1.1.0 2.58 19.75 22.33 OK
r-devel-linux-x86_64-fedora-clang 1.1.0 42.63 NOTE
r-devel-linux-x86_64-fedora-gcc 1.1.0 39.76 NOTE
r-devel-windows-x86_64 1.1.0 6.00 50.00 56.00 OK
r-patched-linux-x86_64 1.1.0 3.31 23.49 26.80 OK
r-release-linux-x86_64 OK
r-release-macos-arm64 1.1.0 20.00 OK
r-release-macos-x86_64 1.1.0 33.00 OK
r-release-windows-x86_64 1.1.0 5.00 51.00 56.00 OK
r-oldrel-macos-arm64 1.1.0 17.00 NOTE
r-oldrel-macos-x86_64 1.1.0 23.00 NOTE
r-oldrel-windows-x86_64 1.1.0 7.00 49.00 56.00 NOTE

Check Details

Version: 1.1.0
Check: dependencies in R code
Result: NOTE Namespace in Imports field not imported from: ‘shiny’ All declared Imports should be used. Flavors: r-devel-linux-x86_64-fedora-clang, r-devel-linux-x86_64-fedora-gcc

Version: 1.1.0
Check: installed package size
Result: NOTE installed size is 12.2Mb sub-directories of 1Mb or more: www 12.1Mb Flavors: r-oldrel-macos-arm64, r-oldrel-macos-x86_64, r-oldrel-windows-x86_64

These binaries (installable software) and packages are in development.
They may not be fully stable and should be used with caution. We make no claims about them.