Last updated on 2025-05-01 15:49:27 CEST.
Flavor | Version | Tinstall | Tcheck | Ttotal | Status | Flags |
---|---|---|---|---|---|---|
r-devel-linux-x86_64-debian-clang | 0.4 | 17.52 | 135.02 | 152.54 | NOTE | |
r-devel-linux-x86_64-debian-gcc | 0.4 | 11.49 | 102.34 | 113.83 | OK | |
r-devel-linux-x86_64-fedora-clang | 0.4 | 240.79 | OK | |||
r-devel-linux-x86_64-fedora-gcc | 0.4 | 239.76 | OK | |||
r-devel-windows-x86_64 | 0.4 | 19.00 | 170.00 | 189.00 | OK | |
r-patched-linux-x86_64 | 0.4 | 18.97 | 130.07 | 149.04 | OK | |
r-release-linux-x86_64 | OK | |||||
r-release-macos-arm64 | 0.4 | 80.00 | OK | |||
r-release-macos-x86_64 | 0.4 | 190.00 | OK | |||
r-release-windows-x86_64 | 0.4 | 18.00 | 174.00 | 192.00 | OK | |
r-oldrel-macos-arm64 | 0.4 | 72.00 | OK | |||
r-oldrel-macos-x86_64 | 0.4 | 103.00 | OK | |||
r-oldrel-windows-x86_64 | 0.4 | 23.00 | 221.00 | 244.00 | OK |
Version: 0.4
Check: examples
Result: NOTE
Examples with CPU (user + system) or elapsed time > 5s
user system elapsed
claimFitting-methods 5.62 0.208 7.327
Flavor: r-devel-linux-x86_64-debian-clang
Version: 0.4
Check: examples
Result: NA
user system elapsed
claimFitting-methods 5.093 0.192 6.144
OK
Flavor: r-devel-linux-x86_64-debian-gcc
These binaries (installable software) and packages are in development.
They may not be fully stable and should be used with caution. We make no claims about them.