Last updated on 2025-11-12 19:51:43 CET.
| Flavor | Version | Tinstall | Tcheck | Ttotal | Status | Flags |
|---|---|---|---|---|---|---|
| r-devel-linux-x86_64-debian-clang | 0.1.0 | 9.92 | 59.31 | 69.23 | ERROR | |
| r-devel-linux-x86_64-debian-gcc | 0.1.0 | 5.88 | 44.30 | 50.18 | ERROR | |
| r-devel-linux-x86_64-fedora-clang | 0.1.0 | 88.00 | 28.48 | 116.48 | ERROR | |
| r-devel-linux-x86_64-fedora-gcc | 0.1.0 | 21.00 | 106.88 | 127.88 | ERROR | |
| r-devel-windows-x86_64 | 0.1.0 | 11.00 | 76.00 | 87.00 | OK | |
| r-patched-linux-x86_64 | 0.1.0 | 9.57 | 54.72 | 64.29 | ERROR | |
| r-release-linux-x86_64 | 0.1.0 | 8.25 | 56.06 | 64.31 | ERROR | |
| r-release-macos-arm64 | 0.1.0 | 3.00 | 39.00 | 42.00 | OK | |
| r-release-macos-x86_64 | 0.1.0 | 8.00 | 77.00 | 85.00 | OK | |
| r-release-windows-x86_64 | 0.1.0 | 13.00 | 73.00 | 86.00 | ERROR | |
| r-oldrel-macos-arm64 | 0.1.0 | 4.00 | 36.00 | 40.00 | NOTE | |
| r-oldrel-macos-x86_64 | 0.1.0 | 6.00 | 61.00 | 67.00 | NOTE | |
| r-oldrel-windows-x86_64 | 0.1.0 | 14.00 | 88.00 | 102.00 | ERROR |
Version: 0.1.0
Check: re-building of vignette outputs
Result: ERROR
Error(s) in re-building vignettes:
...
--- re-building ‘persistent_player_profiles.Rmd’ using rmarkdown
Quitting from persistent_player_profiles.Rmd:23-34 [unnamed-chunk-1]
~~~~~~~~~~~~~~~~~~~~~~~~~~~~~~~~~~~~~~~~~~~~~~~~~~~~~~~~~~~~~~~~~~~~~~~~~~~~~~~~
NULL
~~~~~~~~~~~~~~~~~~~~~~~~~~~~~~~~~~~~~~~~~~~~~~~~~~~~~~~~~~~~~~~~~~~~~~~~~~~~~~~~
Error: processing vignette 'persistent_player_profiles.Rmd' failed with diagnostics:
ℹ In index: 1.
Caused by error:
! Can't coerce from a number to a string.
--- failed re-building ‘persistent_player_profiles.Rmd’
SUMMARY: processing the following file failed:
‘persistent_player_profiles.Rmd’
Error: Vignette re-building failed.
Execution halted
Flavors: r-devel-linux-x86_64-debian-clang, r-devel-linux-x86_64-debian-gcc, r-patched-linux-x86_64, r-release-linux-x86_64
Version: 0.1.0
Check: dependencies in R code
Result: NOTE
Namespaces in Imports field not imported from:
‘R6’ ‘crayon’ ‘dplyr’ ‘tidyr’
All declared Imports should be used.
Flavors: r-devel-linux-x86_64-fedora-clang, r-devel-linux-x86_64-fedora-gcc
Version: 0.1.0
Check: re-building of vignette outputs
Result: ERROR
Error(s) in re-building vignettes:
--- re-building ‘persistent_player_profiles.Rmd’ using rmarkdown
Quitting from persistent_player_profiles.Rmd:23-34 [unnamed-chunk-1]
~~~~~~~~~~~~~~~~~~~~~~~~~~~~~~~~~~~~~~~~~~~~~~~~~~~~~~~~~~~~~~~~~~~~~~~~~~~~~~~~
NULL
~~~~~~~~~~~~~~~~~~~~~~~~~~~~~~~~~~~~~~~~~~~~~~~~~~~~~~~~~~~~~~~~~~~~~~~~~~~~~~~~
Error: processing vignette 'persistent_player_profiles.Rmd' failed with diagnostics:
ℹ In index: 1.
Caused by error:
! Can't coerce from a number to a string.
--- failed re-building ‘persistent_player_profiles.Rmd’
SUMMARY: processing the following file failed:
‘persistent_player_profiles.Rmd’
Error: Vignette re-building failed.
Execution halted
Flavors: r-devel-linux-x86_64-fedora-clang, r-devel-linux-x86_64-fedora-gcc, r-release-windows-x86_64, r-oldrel-windows-x86_64
Version: 0.1.0
Check: LazyData
Result: NOTE
'LazyData' is specified without a 'data' directory
Flavors: r-oldrel-macos-arm64, r-oldrel-macos-x86_64, r-oldrel-windows-x86_64
These binaries (installable software) and packages are in development.
They may not be fully stable and should be used with caution. We make no claims about them.