Last updated on 2025-02-16 10:50:43 CET.
Flavor | Version | Tinstall | Tcheck | Ttotal | Status | Flags |
---|---|---|---|---|---|---|
r-devel-linux-x86_64-debian-clang | 0.1.0 | 8.98 | 44.34 | 53.32 | OK | |
r-devel-linux-x86_64-debian-gcc | 0.1.0 | 5.79 | 32.13 | 37.92 | OK | |
r-devel-linux-x86_64-fedora-clang | 0.1.0 | 87.80 | NOTE | |||
r-devel-linux-x86_64-fedora-gcc | 0.1.0 | 105.20 | NOTE | |||
r-devel-macos-arm64 | 0.1.0 | 41.00 | OK | |||
r-devel-macos-x86_64 | 0.1.0 | 85.00 | OK | |||
r-devel-windows-x86_64 | 0.1.0 | 10.00 | 67.00 | 77.00 | OK | |
r-patched-linux-x86_64 | 0.1.0 | 7.53 | 41.23 | 48.76 | NOTE | |
r-release-linux-x86_64 | 0.1.0 | 7.58 | 41.05 | 48.63 | NOTE | |
r-release-macos-arm64 | 0.1.0 | 40.00 | NOTE | |||
r-release-macos-x86_64 | 0.1.0 | 67.00 | NOTE | |||
r-release-windows-x86_64 | 0.1.0 | 10.00 | 68.00 | 78.00 | NOTE | |
r-oldrel-macos-arm64 | 0.1.0 | 36.00 | NOTE | |||
r-oldrel-macos-x86_64 | 0.1.0 | 53.00 | NOTE | |||
r-oldrel-windows-x86_64 | 0.1.0 | 12.00 | 74.00 | 86.00 | NOTE |
Version: 0.1.0
Check: dependencies in R code
Result: NOTE
Namespaces in Imports field not imported from:
‘R6’ ‘crayon’ ‘dplyr’ ‘tidyr’
All declared Imports should be used.
Flavors: r-devel-linux-x86_64-fedora-clang, r-devel-linux-x86_64-fedora-gcc
Version: 0.1.0
Check: LazyData
Result: NOTE
'LazyData' is specified without a 'data' directory
Flavors: r-patched-linux-x86_64, r-release-linux-x86_64, r-release-macos-arm64, r-release-macos-x86_64, r-release-windows-x86_64, r-oldrel-macos-arm64, r-oldrel-macos-x86_64, r-oldrel-windows-x86_64
These binaries (installable software) and packages are in development.
They may not be fully stable and should be used with caution. We make no claims about them.