Last updated on 2025-05-01 12:49:24 CEST.
Flavor | Version | Tinstall | Tcheck | Ttotal | Status | Flags |
---|---|---|---|---|---|---|
r-devel-linux-x86_64-debian-clang | 0.2.0 | 6.61 | 100.62 | 107.23 | NOTE | |
r-devel-linux-x86_64-debian-gcc | 0.2.0 | 5.06 | 65.81 | 70.87 | OK | |
r-devel-linux-x86_64-fedora-clang | 0.2.0 | 163.04 | OK | |||
r-devel-linux-x86_64-fedora-gcc | 0.2.0 | 164.18 | OK | |||
r-devel-windows-x86_64 | 0.2.0 | 8.00 | 105.00 | 113.00 | OK | |
r-patched-linux-x86_64 | 0.2.0 | 5.95 | 93.17 | 99.12 | OK | |
r-release-linux-x86_64 | OK | |||||
r-release-macos-arm64 | 0.2.0 | 49.00 | OK | |||
r-release-macos-x86_64 | 0.2.0 | 115.00 | OK | |||
r-release-windows-x86_64 | 0.2.0 | 10.00 | 109.00 | 119.00 | OK | |
r-oldrel-macos-arm64 | 0.2.0 | 50.00 | OK | |||
r-oldrel-macos-x86_64 | 0.2.0 | 147.00 | OK | |||
r-oldrel-windows-x86_64 | 0.2.0 | 10.00 | 133.00 | 143.00 | OK |
Version: 0.2.0
Check: examples
Result: NOTE
Examples with CPU (user + system) or elapsed time > 5s
user system elapsed
ComputeCI 5.642 0.256 9.295
Flavor: r-devel-linux-x86_64-debian-clang
Version: 0.2.0
Check: examples
Result: NA
user system elapsed
ComputeCI 3.619 0.233 5.98
OK
Flavor: r-devel-linux-x86_64-debian-gcc
These binaries (installable software) and packages are in development.
They may not be fully stable and should be used with caution. We make no claims about them.