Last updated on 2025-02-16 10:50:43 CET.
Flavor | Version | Tinstall | Tcheck | Ttotal | Status | Flags |
---|---|---|---|---|---|---|
r-devel-linux-x86_64-debian-clang | 1.8.3 | 116.57 | 172.02 | 288.59 | OK | |
r-devel-linux-x86_64-debian-gcc | 1.8.3 | 97.00 | 111.70 | 208.70 | OK | |
r-devel-linux-x86_64-fedora-clang | 1.8.3 | 457.98 | OK | |||
r-devel-linux-x86_64-fedora-gcc | 1.8.3 | 520.22 | OK | |||
r-devel-macos-arm64 | 1.8.3 | 114.00 | OK | |||
r-devel-macos-x86_64 | 1.8.3 | 278.00 | OK | |||
r-devel-windows-x86_64 | 1.8.3 | 106.00 | 220.00 | 326.00 | OK | |
r-patched-linux-x86_64 | 1.8.3 | 138.36 | 158.54 | 296.90 | OK | |
r-release-linux-x86_64 | 1.8.3 | 134.43 | 157.51 | 291.94 | OK | |
r-release-macos-arm64 | 1.8.3 | 245.00 | NOTE | |||
r-release-macos-x86_64 | 1.8.3 | 301.00 | NOTE | |||
r-release-windows-x86_64 | 1.8.3 | 109.00 | 211.00 | 320.00 | OK | |
r-oldrel-macos-arm64 | 1.8.3 | 250.00 | NOTE | |||
r-oldrel-macos-x86_64 | 1.8.3 | 312.00 | NOTE | |||
r-oldrel-windows-x86_64 | 1.8.3 | 133.00 | 258.00 | 391.00 | OK |
Version: 1.8.3
Check: installed package size
Result: NOTE
installed size is 22.3Mb
sub-directories of 1Mb or more:
R 1.1Mb
libs 20.3Mb
Flavors: r-release-macos-arm64, r-release-macos-x86_64, r-oldrel-macos-arm64, r-oldrel-macos-x86_64
These binaries (installable software) and packages are in development.
They may not be fully stable and should be used with caution. We make no claims about them.