Last updated on 2025-10-03 05:53:26 CEST.
Flavor | Version | Tinstall | Tcheck | Ttotal | Status | Flags |
---|---|---|---|---|---|---|
r-devel-linux-x86_64-debian-clang | 1.8.4 | 124.34 | 183.11 | 307.45 | OK | |
r-devel-linux-x86_64-debian-gcc | 1.8.4 | 101.45 | 114.71 | 216.16 | OK | |
r-devel-linux-x86_64-fedora-clang | 1.8.4 | 444.80 | OK | |||
r-devel-linux-x86_64-fedora-gcc | 1.8.4 | 556.64 | OK | |||
r-devel-windows-x86_64 | 1.8.4 | 121.00 | 220.00 | 341.00 | OK | |
r-patched-linux-x86_64 | 1.8.4 | 147.51 | 176.04 | 323.55 | OK | |
r-release-linux-x86_64 | 1.8.4 | 134.80 | 174.45 | 309.25 | OK | |
r-release-macos-arm64 | 1.8.4 | 112.00 | OK | |||
r-release-macos-x86_64 | 1.8.4 | 264.00 | OK | |||
r-release-windows-x86_64 | 1.8.4 | 125.00 | 223.00 | 348.00 | OK | |
r-oldrel-macos-arm64 | 1.8.4 | 111.00 | NOTE | |||
r-oldrel-macos-x86_64 | 1.8.4 | 248.00 | NOTE | |||
r-oldrel-windows-x86_64 | 1.8.4 | 146.00 | 279.00 | 425.00 | OK |
Version: 1.8.4
Check: installed package size
Result: NOTE
installed size is 23.6Mb
sub-directories of 1Mb or more:
R 2.1Mb
libs 20.6Mb
Flavors: r-oldrel-macos-arm64, r-oldrel-macos-x86_64
These binaries (installable software) and packages are in development.
They may not be fully stable and should be used with caution. We make no claims about them.