Last updated on 2024-07-27 15:50:13 CEST.
Flavor | Version | Tinstall | Tcheck | Ttotal | Status | Flags |
---|---|---|---|---|---|---|
r-devel-linux-x86_64-debian-clang | 0.4.7 | 5.41 | 288.61 | 294.02 | OK | |
r-devel-linux-x86_64-debian-gcc | 0.4.7 | OK | ||||
r-devel-linux-x86_64-fedora-clang | 0.4.7 | 352.84 | OK | |||
r-devel-linux-x86_64-fedora-gcc | 0.4.7 | 350.02 | OK | |||
r-devel-windows-x86_64 | 0.4.7 | 6.00 | 226.00 | 232.00 | OK | |
r-patched-linux-x86_64 | 0.4.7 | OK | ||||
r-release-linux-x86_64 | 0.4.7 | 4.31 | 264.65 | 268.96 | OK | |
r-release-macos-arm64 | 0.4.7 | 109.00 | OK | |||
r-release-macos-x86_64 | 0.4.7 | 182.00 | OK | |||
r-release-windows-x86_64 | 0.4.7 | 6.00 | 236.00 | 242.00 | OK | |
r-oldrel-macos-arm64 | 0.4.7 | 116.00 | OK | |||
r-oldrel-macos-x86_64 | 0.4.7 | 346.00 | NOTE | |||
r-oldrel-windows-x86_64 | 0.4.7 | 6.00 | 275.00 | 281.00 | OK |
Version: 0.4.7
Check: installed package size
Result: NOTE
installed size is 5.5Mb
sub-directories of 1Mb or more:
data 3.1Mb
doc 2.1Mb
Flavor: r-oldrel-macos-x86_64
These binaries (installable software) and packages are in development.
They may not be fully stable and should be used with caution. We make no claims about them.