Last updated on 2025-10-03 01:49:40 CEST.
Flavor | Version | Tinstall | Tcheck | Ttotal | Status | Flags |
---|---|---|---|---|---|---|
r-devel-linux-x86_64-debian-clang | 0.5.0 | 3.58 | 37.03 | 40.61 | OK | |
r-devel-linux-x86_64-debian-gcc | 0.5.0 | 2.61 | 26.98 | 29.59 | OK | |
r-devel-linux-x86_64-fedora-clang | 0.5.0 | 60.02 | OK | |||
r-devel-linux-x86_64-fedora-gcc | 0.5.0 | 57.37 | OK | |||
r-devel-windows-x86_64 | 0.5.0 | 6.00 | 52.00 | 58.00 | OK | |
r-patched-linux-x86_64 | 0.5.0 | 3.51 | 33.81 | 37.32 | OK | |
r-release-linux-x86_64 | 0.5.0 | 2.85 | 33.67 | 36.52 | OK | |
r-release-macos-arm64 | 0.5.0 | 25.00 | OK | |||
r-release-macos-x86_64 | 0.5.0 | 36.00 | OK | |||
r-release-windows-x86_64 | 0.5.0 | 5.00 | 53.00 | 58.00 | OK | |
r-oldrel-macos-arm64 | 0.5.0 | 22.00 | NOTE | |||
r-oldrel-macos-x86_64 | 0.5.0 | 32.00 | NOTE | |||
r-oldrel-windows-x86_64 | 0.5.0 | 7.00 | 62.00 | 69.00 | NOTE |
Version: 0.5.0
Check: LazyData
Result: NOTE
'LazyData' is specified without a 'data' directory
Flavors: r-oldrel-macos-arm64, r-oldrel-macos-x86_64, r-oldrel-windows-x86_64
These binaries (installable software) and packages are in development.
They may not be fully stable and should be used with caution. We make no claims about them.