Last updated on 2025-05-02 06:49:29 CEST.
Flavor | Version | Tinstall | Tcheck | Ttotal | Status | Flags |
---|---|---|---|---|---|---|
r-devel-linux-x86_64-debian-clang | 1.3.7 | 10.69 | 34.39 | 45.08 | NOTE | |
r-devel-linux-x86_64-debian-gcc | 1.3.7 | 7.67 | 25.54 | 33.21 | NOTE | |
r-devel-linux-x86_64-fedora-clang | 1.3.7 | 71.17 | OK | |||
r-devel-linux-x86_64-fedora-gcc | 1.3.7 | 69.99 | OK | |||
r-devel-windows-x86_64 | 1.3.7 | 13.00 | 54.00 | 67.00 | OK | |
r-patched-linux-x86_64 | 1.3.7 | 10.88 | 32.90 | 43.78 | OK | |
r-release-linux-x86_64 | OK | |||||
r-release-macos-arm64 | 1.3.7 | 27.00 | OK | |||
r-release-macos-x86_64 | 1.3.7 | 55.00 | OK | |||
r-release-windows-x86_64 | 1.3.7 | 12.00 | 58.00 | 70.00 | OK | |
r-oldrel-macos-arm64 | 1.3.7 | 29.00 | OK | |||
r-oldrel-macos-x86_64 | 1.3.7 | 38.00 | OK | |||
r-oldrel-windows-x86_64 | 1.3.7 | 14.00 | 53.00 | 67.00 | OK |
Version: 1.3.7
Check: CRAN incoming feasibility
Result: NOTE
Maintainer: ‘Masami Saga <msaga@mtb.biglobe.ne.jp>’
No Authors@R field in DESCRIPTION.
Please add one, modifying
Authors@R: c(person(given = c("The", "Institute", "of", "Statistical"),
family = "Mathematics",
role = "aut"),
person(given = "Masami",
family = "Saga",
role = "cre",
email = "msaga@mtb.biglobe.ne.jp"))
as necessary.
Flavors: r-devel-linux-x86_64-debian-clang, r-devel-linux-x86_64-debian-gcc
These binaries (installable software) and packages are in development.
They may not be fully stable and should be used with caution. We make no claims about them.