Last updated on 2025-10-03 03:50:33 CEST.
Flavor | Version | Tinstall | Tcheck | Ttotal | Status | Flags |
---|---|---|---|---|---|---|
r-devel-linux-x86_64-debian-clang | 1.2.4 | 1.56 | 163.84 | 165.40 | NOTE | |
r-devel-linux-x86_64-debian-gcc | 1.2.4 | 1.24 | 137.84 | 139.08 | NOTE | |
r-devel-linux-x86_64-fedora-clang | 1.2.4 | 240.03 | OK | |||
r-devel-linux-x86_64-fedora-gcc | 1.2.4 | 267.26 | OK | |||
r-devel-windows-x86_64 | 1.2.4 | 5.00 | 471.00 | 476.00 | OK | |
r-patched-linux-x86_64 | 1.2.4 | 1.76 | 160.34 | 162.10 | OK | |
r-release-linux-x86_64 | 1.2.4 | 1.38 | 159.72 | 161.10 | OK | |
r-release-macos-arm64 | 1.2.4 | 150.00 | OK | |||
r-release-macos-x86_64 | 1.2.4 | 249.00 | OK | |||
r-release-windows-x86_64 | 1.2.4 | 5.00 | 468.00 | 473.00 | OK | |
r-oldrel-macos-arm64 | 1.2.4 | 135.00 | OK | |||
r-oldrel-macos-x86_64 | 1.2.4 | 364.00 | OK | |||
r-oldrel-windows-x86_64 | 1.2.4 | 4.00 | 375.00 | 379.00 | OK |
Version: 1.2.4
Check: CRAN incoming feasibility
Result: NOTE
Maintainer: ‘Gunther Schauberger <gunther.schauberger@tum.de>’
No Authors@R field in DESCRIPTION.
Please add one, modifying
Authors@R: c(person(given = "Gunther",
family = "Schauberger",
role = c("aut", "cre"),
email = "gunther.schauberger@tum.de"),
person(given = "Gerhard",
family = "Tutz",
role = "aut"))
as necessary.
Flavors: r-devel-linux-x86_64-debian-clang, r-devel-linux-x86_64-debian-gcc
These binaries (installable software) and packages are in development.
They may not be fully stable and should be used with caution. We make no claims about them.