Last updated on 2025-05-08 04:52:00 CEST.
Flavor | Version | Tinstall | Tcheck | Ttotal | Status | Flags |
---|---|---|---|---|---|---|
r-devel-linux-x86_64-debian-clang | 1.1 | 84.65 | 44.83 | 129.48 | OK | |
r-devel-linux-x86_64-debian-gcc | 1.1 | 67.58 | 33.35 | 100.93 | OK | |
r-devel-linux-x86_64-fedora-clang | 1.1 | 247.10 | OK | |||
r-devel-linux-x86_64-fedora-gcc | 1.1 | 269.88 | OK | |||
r-devel-windows-x86_64 | 1.1 | 100.00 | 87.00 | 187.00 | OK | |
r-patched-linux-x86_64 | 1.1 | 94.11 | 43.21 | 137.32 | OK | |
r-release-linux-x86_64 | 1.1 | 88.59 | 42.82 | 131.41 | OK | |
r-release-macos-arm64 | 1.1 | 53.00 | OK | |||
r-release-macos-x86_64 | 1.1 | 68.00 | OK | |||
r-release-windows-x86_64 | 1.1 | 106.00 | 84.00 | 190.00 | OK | |
r-oldrel-macos-arm64 | 1.1 | 58.00 | NOTE | |||
r-oldrel-macos-x86_64 | 1.1 | 71.00 | NOTE | |||
r-oldrel-windows-x86_64 | 1.1 | 120.00 | 111.00 | 231.00 | OK |
Version: 1.1
Check: installed package size
Result: NOTE
installed size is 6.0Mb
sub-directories of 1Mb or more:
libs 5.6Mb
Flavors: r-oldrel-macos-arm64, r-oldrel-macos-x86_64
These binaries (installable software) and packages are in development.
They may not be fully stable and should be used with caution. We make no claims about them.