Last updated on 2025-10-03 11:50:37 CEST.
Flavor | Version | Tinstall | Tcheck | Ttotal | Status | Flags |
---|---|---|---|---|---|---|
r-devel-linux-x86_64-debian-clang | 1.1 | 88.37 | 48.74 | 137.11 | OK | |
r-devel-linux-x86_64-debian-gcc | 1.1 | 62.92 | 35.24 | 98.16 | OK | |
r-devel-linux-x86_64-fedora-clang | 1.1 | 244.38 | OK | |||
r-devel-linux-x86_64-fedora-gcc | 1.1 | 250.04 | OK | |||
r-devel-windows-x86_64 | 1.1 | 110.00 | 83.00 | 193.00 | OK | |
r-patched-linux-x86_64 | 1.1 | 96.32 | 45.51 | 141.83 | OK | |
r-release-linux-x86_64 | 1.1 | 93.31 | 46.07 | 139.38 | OK | |
r-release-macos-arm64 | 1.1 | 53.00 | OK | |||
r-release-macos-x86_64 | 1.1 | 68.00 | OK | |||
r-release-windows-x86_64 | 1.1 | 101.00 | 90.00 | 191.00 | OK | |
r-oldrel-macos-arm64 | 1.1 | 58.00 | NOTE | |||
r-oldrel-macos-x86_64 | 1.1 | 71.00 | NOTE | |||
r-oldrel-windows-x86_64 | 1.1 | 121.00 | 102.00 | 223.00 | OK |
Version: 1.1
Check: installed package size
Result: NOTE
installed size is 6.0Mb
sub-directories of 1Mb or more:
libs 5.6Mb
Flavors: r-oldrel-macos-arm64, r-oldrel-macos-x86_64
These binaries (installable software) and packages are in development.
They may not be fully stable and should be used with caution. We make no claims about them.