Last updated on 2025-07-22 13:49:09 CEST.
Flavor | Version | Tinstall | Tcheck | Ttotal | Status | Flags |
---|---|---|---|---|---|---|
r-devel-linux-x86_64-debian-clang | 1.1 | 84.97 | 45.88 | 130.85 | OK | |
r-devel-linux-x86_64-debian-gcc | 1.1 | 67.02 | 34.05 | 101.07 | OK | |
r-devel-linux-x86_64-fedora-clang | 1.1 | 246.45 | OK | |||
r-devel-linux-x86_64-fedora-gcc | 1.1 | 243.50 | OK | |||
r-devel-windows-x86_64 | 1.1 | 94.00 | 85.00 | 179.00 | OK | |
r-patched-linux-x86_64 | 1.1 | 101.23 | 42.75 | 143.98 | OK | |
r-release-linux-x86_64 | 1.1 | 91.82 | 43.12 | 134.94 | OK | |
r-release-macos-arm64 | 1.1 | 53.00 | OK | |||
r-release-macos-x86_64 | 1.1 | 68.00 | OK | |||
r-release-windows-x86_64 | 1.1 | 97.00 | 88.00 | 185.00 | OK | |
r-oldrel-macos-arm64 | 1.1 | 58.00 | NOTE | |||
r-oldrel-macos-x86_64 | 1.1 | 71.00 | NOTE | |||
r-oldrel-windows-x86_64 | 1.1 | 123.00 | 110.00 | 233.00 | OK |
Version: 1.1
Check: installed package size
Result: NOTE
installed size is 6.0Mb
sub-directories of 1Mb or more:
libs 5.6Mb
Flavors: r-oldrel-macos-arm64, r-oldrel-macos-x86_64
These binaries (installable software) and packages are in development.
They may not be fully stable and should be used with caution. We make no claims about them.