CRAN Package Check Results for Package catmaply

Last updated on 2025-07-25 01:49:23 CEST.

Flavor Version Tinstall Tcheck Ttotal Status Flags
r-devel-linux-x86_64-debian-clang 0.9.5 2.63 83.56 86.19 OK
r-devel-linux-x86_64-debian-gcc 0.9.5 2.17 67.48 69.65 OK
r-devel-linux-x86_64-fedora-clang 0.9.5 130.43 OK
r-devel-linux-x86_64-fedora-gcc 0.9.5 137.79 OK
r-devel-windows-x86_64 0.9.5 6.00 96.00 102.00 OK
r-patched-linux-x86_64 0.9.5 3.26 79.76 83.02 OK
r-release-linux-x86_64 0.9.5 2.80 79.51 82.31 OK
r-release-macos-arm64 0.9.5 53.00 OK
r-release-macos-x86_64 0.9.5 97.00 OK
r-release-windows-x86_64 0.9.5 5.00 96.00 101.00 OK
r-oldrel-macos-arm64 0.9.5 58.00 NOTE
r-oldrel-macos-x86_64 0.9.5 100.00 NOTE
r-oldrel-windows-x86_64 0.9.5 6.00 134.00 140.00 NOTE

Check Details

Version: 0.9.5
Check: installed package size
Result: NOTE installed size is 20.9Mb sub-directories of 1Mb or more: doc 20.6Mb Flavors: r-oldrel-macos-arm64, r-oldrel-macos-x86_64, r-oldrel-windows-x86_64

These binaries (installable software) and packages are in development.
They may not be fully stable and should be used with caution. We make no claims about them.