Last updated on 2024-07-27 15:50:13 CEST.
Flavor | Version | Tinstall | Tcheck | Ttotal | Status | Flags |
---|---|---|---|---|---|---|
r-devel-linux-x86_64-debian-clang | 0.9.4 | 3.86 | 98.67 | 102.53 | OK | |
r-devel-linux-x86_64-debian-gcc | 0.9.4 | OK | ||||
r-devel-linux-x86_64-fedora-clang | 0.9.4 | 131.37 | NOTE | |||
r-devel-linux-x86_64-fedora-gcc | 0.9.4 | 134.08 | OK | |||
r-devel-windows-x86_64 | 0.9.4 | 7.00 | 104.00 | 111.00 | NOTE | |
r-patched-linux-x86_64 | 0.9.4 | OK | ||||
r-release-linux-x86_64 | 0.9.4 | 3.32 | 96.11 | 99.43 | OK | |
r-release-macos-arm64 | 0.9.4 | 59.00 | NOTE | |||
r-release-macos-x86_64 | 0.9.4 | 83.00 | NOTE | |||
r-release-windows-x86_64 | 0.9.4 | 6.00 | 104.00 | 110.00 | NOTE | |
r-oldrel-macos-arm64 | 0.9.4 | 64.00 | NOTE | |||
r-oldrel-macos-x86_64 | 0.9.4 | 98.00 | NOTE | |||
r-oldrel-windows-x86_64 | 0.9.4 | 6.00 | 125.00 | 131.00 | NOTE |
Version: 0.9.4
Check: installed package size
Result: NOTE
installed size is 20.3Mb
sub-directories of 1Mb or more:
doc 19.9Mb
Flavors: r-devel-linux-x86_64-fedora-clang, r-devel-windows-x86_64, r-release-macos-arm64, r-release-macos-x86_64, r-release-windows-x86_64, r-oldrel-macos-arm64, r-oldrel-macos-x86_64, r-oldrel-windows-x86_64
These binaries (installable software) and packages are in development.
They may not be fully stable and should be used with caution. We make no claims about them.