Last updated on 2025-05-21 23:48:38 CEST.
Flavor | Version | Tinstall | Tcheck | Ttotal | Status | Flags |
---|---|---|---|---|---|---|
r-devel-linux-x86_64-debian-clang | 0.9.4 | 3.49 | 79.68 | 83.17 | OK | |
r-devel-linux-x86_64-debian-gcc | 0.9.4 | 2.62 | 61.40 | 64.02 | OK | |
r-devel-linux-x86_64-fedora-clang | 0.9.4 | 134.92 | OK | |||
r-devel-linux-x86_64-fedora-gcc | 0.9.4 | 142.02 | OK | |||
r-devel-windows-x86_64 | 0.9.4 | 5.00 | 113.00 | 118.00 | OK | |
r-patched-linux-x86_64 | 0.9.4 | 4.23 | 79.71 | 83.94 | OK | |
r-release-linux-x86_64 | 0.9.4 | 4.11 | 75.71 | 79.82 | OK | |
r-release-macos-arm64 | 0.9.4 | 53.00 | OK | |||
r-release-macos-x86_64 | 0.9.4 | 96.00 | OK | |||
r-release-windows-x86_64 | 0.9.4 | 6.00 | 98.00 | 104.00 | OK | |
r-oldrel-macos-arm64 | 0.9.4 | 59.00 | NOTE | |||
r-oldrel-macos-x86_64 | 0.9.4 | 83.00 | NOTE | |||
r-oldrel-windows-x86_64 | 0.9.4 | 7.00 | 137.00 | 144.00 | NOTE |
Version: 0.9.4
Check: installed package size
Result: NOTE
installed size is 20.2Mb
sub-directories of 1Mb or more:
doc 19.9Mb
Flavors: r-oldrel-macos-arm64, r-oldrel-macos-x86_64, r-oldrel-windows-x86_64
These binaries (installable software) and packages are in development.
They may not be fully stable and should be used with caution. We make no claims about them.