Last updated on 2025-02-16 10:50:43 CET.
Flavor | Version | Tinstall | Tcheck | Ttotal | Status | Flags |
---|---|---|---|---|---|---|
r-devel-linux-x86_64-debian-clang | 0.9.4 | 3.78 | 82.36 | 86.14 | OK | |
r-devel-linux-x86_64-debian-gcc | 0.9.4 | 2.52 | 65.43 | 67.95 | OK | |
r-devel-linux-x86_64-fedora-clang | 0.9.4 | 129.32 | OK | |||
r-devel-linux-x86_64-fedora-gcc | 0.9.4 | 139.33 | OK | |||
r-devel-macos-arm64 | 0.9.4 | 65.00 | OK | |||
r-devel-macos-x86_64 | 0.9.4 | 96.00 | OK | |||
r-devel-windows-x86_64 | 0.9.4 | 6.00 | 101.00 | 107.00 | OK | |
r-patched-linux-x86_64 | 0.9.4 | 4.20 | 73.82 | 78.02 | OK | |
r-release-linux-x86_64 | 0.9.4 | 4.16 | 76.52 | 80.68 | OK | |
r-release-macos-arm64 | 0.9.4 | 59.00 | NOTE | |||
r-release-macos-x86_64 | 0.9.4 | 83.00 | NOTE | |||
r-release-windows-x86_64 | 0.9.4 | 8.00 | 100.00 | 108.00 | NOTE | |
r-oldrel-macos-arm64 | 0.9.4 | 64.00 | NOTE | |||
r-oldrel-macos-x86_64 | 0.9.4 | 98.00 | NOTE | |||
r-oldrel-windows-x86_64 | 0.9.4 | 8.00 | 126.00 | 134.00 | NOTE |
Version: 0.9.4
Check: installed package size
Result: NOTE
installed size is 20.2Mb
sub-directories of 1Mb or more:
doc 19.9Mb
Flavors: r-release-macos-arm64, r-release-macos-x86_64, r-release-windows-x86_64, r-oldrel-macos-arm64, r-oldrel-macos-x86_64, r-oldrel-windows-x86_64
These binaries (installable software) and packages are in development.
They may not be fully stable and should be used with caution. We make no claims about them.