Last updated on 2025-05-01 08:52:29 CEST.
Flavor | Version | Tinstall | Tcheck | Ttotal | Status | Flags |
---|---|---|---|---|---|---|
r-devel-linux-x86_64-debian-clang | 1.0.2 | 3.60 | 37.10 | 40.70 | NOTE | |
r-devel-linux-x86_64-debian-gcc | 1.0.2 | 2.44 | 25.82 | 28.26 | OK | |
r-devel-linux-x86_64-fedora-clang | 1.0.2 | 60.48 | NOTE | |||
r-devel-linux-x86_64-fedora-gcc | 1.0.2 | 56.12 | NOTE | |||
r-devel-windows-x86_64 | 1.0.2 | 6.00 | 49.00 | 55.00 | OK | |
r-patched-linux-x86_64 | 1.0.2 | 3.63 | 33.53 | 37.16 | OK | |
r-release-linux-x86_64 | OK | |||||
r-release-macos-arm64 | 1.0.2 | 21.00 | OK | |||
r-release-macos-x86_64 | 1.0.2 | 40.00 | OK | |||
r-release-windows-x86_64 | 1.0.2 | 5.00 | 54.00 | 59.00 | OK | |
r-oldrel-macos-arm64 | 1.0.2 | 21.00 | OK | |||
r-oldrel-macos-x86_64 | 1.0.2 | 41.00 | OK | |||
r-oldrel-windows-x86_64 | 1.0.2 | 6.00 | 58.00 | 64.00 | OK |
Version: 1.0.2
Check: examples
Result: NOTE
Examples with CPU (user + system) or elapsed time > 5s
user system elapsed
trial_ocs 8.553 0.16 11.323
Flavor: r-devel-linux-x86_64-debian-clang
Version: 1.0.2
Check: examples
Result: NA
user system elapsed
trial_ocs 4.749 0.063 7.73
OK
Flavor: r-devel-linux-x86_64-debian-gcc
Version: 1.0.2
Check: dependencies in R code
Result: NOTE
Namespaces in Imports field not imported from:
‘epitools’ ‘forcats’ ‘purrr’
All declared Imports should be used.
Flavors: r-devel-linux-x86_64-fedora-clang, r-devel-linux-x86_64-fedora-gcc
These binaries (installable software) and packages are in development.
They may not be fully stable and should be used with caution. We make no claims about them.