Last updated on 2025-02-19 16:50:43 CET.
Flavor | Version | Tinstall | Tcheck | Ttotal | Status | Flags |
---|---|---|---|---|---|---|
r-devel-linux-x86_64-debian-clang | 0.2.4 | 33.87 | 143.90 | 177.77 | OK | |
r-devel-linux-x86_64-debian-gcc | 0.2.4 | 25.71 | 86.67 | 112.38 | OK | |
r-devel-linux-x86_64-fedora-clang | 0.2.4 | 281.26 | OK | |||
r-devel-linux-x86_64-fedora-gcc | 0.2.4 | 317.97 | OK | |||
r-devel-macos-arm64 | 0.2.4 | 79.00 | OK | |||
r-devel-macos-x86_64 | 0.2.4 | 176.00 | OK | |||
r-devel-windows-x86_64 | 0.2.4 | 39.00 | 174.00 | 213.00 | OK | |
r-patched-linux-x86_64 | 0.2.4 | 36.71 | 133.08 | 169.79 | OK | |
r-release-linux-x86_64 | 0.2.4 | 36.11 | 132.35 | 168.46 | OK | |
r-release-macos-arm64 | 0.2.4 | 83.00 | NOTE | |||
r-release-macos-x86_64 | 0.2.4 | 169.00 | NOTE | |||
r-release-windows-x86_64 | 0.2.4 | 40.00 | 173.00 | 213.00 | OK | |
r-oldrel-macos-arm64 | 0.2.4 | 83.00 | NOTE | |||
r-oldrel-macos-x86_64 | 0.2.4 | 141.00 | NOTE | |||
r-oldrel-windows-x86_64 | 0.2.4 | 47.00 | 211.00 | 258.00 | OK |
Version: 0.2.4
Check: installed package size
Result: NOTE
installed size is 6.6Mb
sub-directories of 1Mb or more:
libs 6.4Mb
Flavors: r-release-macos-arm64, r-release-macos-x86_64, r-oldrel-macos-arm64, r-oldrel-macos-x86_64
These binaries (installable software) and packages are in development.
They may not be fully stable and should be used with caution. We make no claims about them.