Last updated on 2025-10-26 23:50:09 CET.
| Flavor | Version | Tinstall | Tcheck | Ttotal | Status | Flags |
|---|---|---|---|---|---|---|
| r-devel-linux-x86_64-debian-clang | 0.2.4 | 32.11 | 149.97 | 182.08 | OK | |
| r-devel-linux-x86_64-debian-gcc | 0.2.4 | 25.98 | 91.23 | 117.21 | OK | |
| r-devel-linux-x86_64-fedora-clang | 0.2.4 | 77.00 | 201.57 | 278.57 | OK | |
| r-devel-linux-x86_64-fedora-gcc | 0.2.4 | 146.00 | 200.55 | 346.55 | OK | |
| r-devel-windows-x86_64 | 0.2.4 | 43.00 | 179.00 | 222.00 | OK | |
| r-patched-linux-x86_64 | 0.2.4 | 35.39 | 137.38 | 172.77 | OK | |
| r-release-linux-x86_64 | 0.2.4 | 33.73 | 139.00 | 172.73 | OK | |
| r-release-macos-arm64 | 0.2.4 | 15.00 | 80.00 | 95.00 | OK | |
| r-release-macos-x86_64 | 0.2.4 | 24.00 | 158.00 | 182.00 | OK | |
| r-release-windows-x86_64 | 0.2.4 | 43.00 | 176.00 | 219.00 | OK | |
| r-oldrel-macos-arm64 | 0.2.4 | 15.00 | 68.00 | 83.00 | NOTE | |
| r-oldrel-macos-x86_64 | 0.2.4 | 20.00 | 149.00 | 169.00 | NOTE | |
| r-oldrel-windows-x86_64 | 0.2.4 | 53.00 | 248.00 | 301.00 | OK |
Version: 0.2.4
Check: installed package size
Result: NOTE
installed size is 6.6Mb
sub-directories of 1Mb or more:
libs 6.4Mb
Flavors: r-oldrel-macos-arm64, r-oldrel-macos-x86_64
These binaries (installable software) and packages are in development.
They may not be fully stable and should be used with caution. We make no claims about them.