Last updated on 2025-10-23 11:50:09 CEST.
Flavor | Version | Tinstall | Tcheck | Ttotal | Status | Flags |
---|---|---|---|---|---|---|
r-devel-linux-x86_64-debian-clang | 0.2.0 | 21.74 | 188.83 | 210.57 | NOTE | |
r-devel-linux-x86_64-debian-gcc | 0.2.0 | 16.34 | 130.21 | 146.55 | OK | |
r-devel-linux-x86_64-fedora-clang | 0.2.0 | 50.00 | 265.13 | 315.13 | OK | |
r-devel-linux-x86_64-fedora-gcc | 0.2.0 | 84.00 | 262.96 | 346.96 | OK | |
r-devel-windows-x86_64 | 0.2.0 | 23.00 | 165.00 | 188.00 | OK | |
r-patched-linux-x86_64 | 0.2.0 | 21.23 | 176.73 | 197.96 | OK | |
r-release-linux-x86_64 | 0.2.0 | 21.05 | 175.99 | 197.04 | OK | |
r-release-macos-arm64 | 0.2.0 | 10.00 | 75.00 | 85.00 | OK | |
r-release-macos-x86_64 | 0.2.0 | 20.00 | 176.00 | 196.00 | OK | |
r-release-windows-x86_64 | 0.2.0 | 23.00 | 154.00 | 177.00 | OK | |
r-oldrel-macos-arm64 | 0.2.0 | 11.00 | 82.00 | 93.00 | OK | |
r-oldrel-macos-x86_64 | 0.2.0 | 16.00 | 236.00 | 252.00 | OK | |
r-oldrel-windows-x86_64 | 0.2.0 | 30.00 | 221.00 | 251.00 | OK |
Version: 0.2.0
Check: HTML version of manual
Result: NOTE
Found the following HTML validation problems:
plot.html:59:1 (plot.Rd:17): Warning: missing </ul> before </div>
Flavor: r-devel-linux-x86_64-debian-clang
These binaries (installable software) and packages are in development.
They may not be fully stable and should be used with caution. We make no claims about them.