CRAN Package Check Results for Package causalCmprsk

Last updated on 2025-11-11 15:50:29 CET.

Flavor Version Tinstall Tcheck Ttotal Status Flags
r-devel-linux-x86_64-debian-clang 2.0.0 10.51 93.71 104.22 NOTE
r-devel-linux-x86_64-debian-gcc 2.0.0 7.91 65.66 73.57 NOTE
r-devel-linux-x86_64-fedora-clang 2.0.0 24.00 145.01 169.01 NOTE
r-devel-linux-x86_64-fedora-gcc 2.0.0 22.00 145.93 167.93 NOTE
r-devel-windows-x86_64 2.0.0 13.00 312.00 325.00 NOTE
r-patched-linux-x86_64 2.0.0 10.84 87.43 98.27 OK
r-release-linux-x86_64 2.0.0 8.26 86.75 95.01 OK
r-release-macos-arm64 2.0.0 5.00 291.00 296.00 OK
r-release-macos-x86_64 2.0.0 16.00 463.00 479.00 OK
r-release-windows-x86_64 2.0.0 11.00 312.00 323.00 OK
r-oldrel-macos-arm64 2.0.0 5.00 222.00 227.00 OK
r-oldrel-macos-x86_64 2.0.0 12.00 340.00 352.00 OK
r-oldrel-windows-x86_64 2.0.0 17.00 384.00 401.00 OK

Check Details

Version: 2.0.0
Check: Rd files
Result: NOTE checkRd: (-1) fit.cox.Rd:81-88: Only 2 columns allowed in this table (row 2 has 1) checkRd: (-1) fit.cox.Rd:81-88: Only 2 columns allowed in this table (row 4 has 1) checkRd: (-1) fit.cox.Rd:114-118: Only 2 columns allowed in this table (row 2 has 1) checkRd: (-1) fit.cox.Rd:144-148: Only 2 columns allowed in this table (row 2 has 1) checkRd: (-1) fit.nonpar.Rd:81-86: Only 2 columns allowed in this table (row 2 has 1) checkRd: (-1) fit.nonpar.Rd:81-86: Only 2 columns allowed in this table (row 4 has 1) checkRd: (-1) fit.nonpar.Rd:112-116: Only 2 columns allowed in this table (row 2 has 1) checkRd: (-1) fit.nonpar.Rd:142-146: Only 2 columns allowed in this table (row 2 has 1) checkRd: (-1) get.pointEst.Rd:16-21: Only 2 columns allowed in this table (row 2 has 1) checkRd: (-1) get.pointEst.Rd:16-21: Only 2 columns allowed in this table (row 4 has 1) checkRd: (-1) get.pointEst.Rd:38-42: Only 2 columns allowed in this table (row 2 has 1) checkRd: (-1) get.pointEst.Rd:59-63: Only 2 columns allowed in this table (row 2 has 1) Flavors: r-devel-linux-x86_64-debian-clang, r-devel-linux-x86_64-debian-gcc, r-devel-linux-x86_64-fedora-clang, r-devel-linux-x86_64-fedora-gcc, r-devel-windows-x86_64

These binaries (installable software) and packages are in development.
They may not be fully stable and should be used with caution. We make no claims about them.