Last updated on 2025-02-16 10:50:43 CET.
Flavor | Version | Tinstall | Tcheck | Ttotal | Status | Flags |
---|---|---|---|---|---|---|
r-devel-linux-x86_64-debian-clang | 0.3-1 | 31.70 | 71.79 | 103.49 | NOTE | |
r-devel-linux-x86_64-debian-gcc | 0.3-1 | 18.26 | 56.61 | 74.87 | NOTE | |
r-devel-linux-x86_64-fedora-clang | 0.3-1 | 171.43 | OK | |||
r-devel-linux-x86_64-fedora-gcc | 0.3-1 | 172.13 | OK | |||
r-devel-macos-arm64 | 0.3-1 | 63.00 | OK | |||
r-devel-macos-x86_64 | 0.3-1 | 97.00 | OK | |||
r-devel-windows-x86_64 | 0.3-1 | 29.00 | 187.00 | 216.00 | NOTE | |
r-patched-linux-x86_64 | 0.3-1 | 29.74 | 69.45 | 99.19 | OK | |
r-release-linux-x86_64 | 0.3-1 | 28.53 | 68.35 | 96.88 | OK | |
r-release-macos-arm64 | 0.3-1 | 56.00 | OK | |||
r-release-macos-x86_64 | 0.3-1 | 133.00 | OK | |||
r-release-windows-x86_64 | 0.3-1 | 30.00 | 192.00 | 222.00 | OK | |
r-oldrel-macos-arm64 | 0.3-1 | 60.00 | OK | |||
r-oldrel-macos-x86_64 | 0.3-1 | 93.00 | OK | |||
r-oldrel-windows-x86_64 | 0.3-1 | 39.00 | 163.00 | 202.00 | OK |
Version: 0.3-1
Check: Rd cross-references
Result: NOTE
Found the following Rd file(s) with Rd \link{} targets missing package
anchors:
causalSLSE.Rd: vcovHC.default
extract-causalslse-method.Rd: extract, texreg
extract-slseFit-method.Rd: extract, texreg
predict.Rd: vcovHC.default
summary.Rd: vcovHC.default
Please provide package anchors for all Rd \link{} targets not in the
package itself and the base packages.
Flavors: r-devel-linux-x86_64-debian-clang, r-devel-linux-x86_64-debian-gcc, r-devel-windows-x86_64
These binaries (installable software) and packages are in development.
They may not be fully stable and should be used with caution. We make no claims about them.