Last updated on 2025-02-19 16:50:43 CET.
Flavor | Version | Tinstall | Tcheck | Ttotal | Status | Flags |
---|---|---|---|---|---|---|
r-devel-linux-x86_64-debian-clang | 0.1.4 | 6.52 | 34.28 | 40.80 | OK | |
r-devel-linux-x86_64-debian-gcc | 0.1.4 | 4.43 | 27.47 | 31.90 | OK | |
r-devel-linux-x86_64-fedora-clang | 0.1.4 | 64.56 | OK | |||
r-devel-linux-x86_64-fedora-gcc | 0.1.4 | 60.90 | OK | |||
r-devel-macos-arm64 | 0.1.4 | 25.00 | OK | |||
r-devel-macos-x86_64 | 0.1.4 | 41.00 | OK | |||
r-devel-windows-x86_64 | 0.1.4 | 8.00 | 58.00 | 66.00 | OK | |
r-patched-linux-x86_64 | 0.1.4 | 5.13 | 32.91 | 38.04 | OK | |
r-release-linux-x86_64 | 0.1.4 | 6.62 | 32.27 | 38.89 | OK | |
r-release-macos-arm64 | 0.1.4 | 26.00 | OK | |||
r-release-macos-x86_64 | 0.1.4 | 42.00 | OK | |||
r-release-windows-x86_64 | 0.1.4 | 8.00 | 3.00 | 11.00 | FAIL | |
r-oldrel-macos-arm64 | 0.1.4 | 31.00 | OK | |||
r-oldrel-macos-x86_64 | 0.1.4 | 41.00 | OK | |||
r-oldrel-windows-x86_64 | 0.1.4 | 11.00 | 76.00 | 87.00 | OK |
Version: 0.1.4
Check: package dependencies
Result: FAIL
Flavor: r-release-windows-x86_64
These binaries (installable software) and packages are in development.
They may not be fully stable and should be used with caution. We make no claims about them.