CRAN Package Check Results for Package causaloptim

Last updated on 2025-02-16 10:50:43 CET.

Flavor Version Tinstall Tcheck Ttotal Status Flags
r-devel-linux-x86_64-debian-clang 1.0.0 5.47 91.67 97.14 NOTE
r-devel-linux-x86_64-debian-gcc 1.0.0 4.64 62.73 67.37 NOTE
r-devel-linux-x86_64-fedora-clang 1.0.0 163.52 NOTE
r-devel-linux-x86_64-fedora-gcc 1.0.0 162.40 NOTE
r-devel-macos-arm64 1.0.0 51.00 OK
r-devel-macos-x86_64 1.0.0 84.00 NOTE
r-devel-windows-x86_64 1.0.0 10.00 105.00 115.00 NOTE
r-patched-linux-x86_64 1.0.0 6.88 85.60 92.48 OK
r-release-linux-x86_64 1.0.0 6.13 85.80 91.93 OK
r-release-macos-arm64 1.0.0 53.00 OK
r-release-macos-x86_64 1.0.0 89.00 OK
r-release-windows-x86_64 1.0.0 9.00 102.00 111.00 OK
r-oldrel-macos-arm64 1.0.0 56.00 OK
r-oldrel-macos-x86_64 1.0.0 81.00 OK
r-oldrel-windows-x86_64 1.0.0 11.00 141.00 152.00 OK

Check Details

Version: 1.0.0
Check: DESCRIPTION meta-information
Result: NOTE Missing dependency on R >= 4.1.0 because package code uses the pipe |> or function shorthand \(...) syntax added in R 4.1.0. File(s) using such syntax: ‘causal-model.R’ ‘check-linearity.R’ ‘deprecated.R’ ‘translation-modules.R’ ‘utils.R’ Flavors: r-devel-linux-x86_64-debian-clang, r-devel-linux-x86_64-debian-gcc, r-devel-linux-x86_64-fedora-clang, r-devel-linux-x86_64-fedora-gcc, r-devel-macos-x86_64, r-devel-windows-x86_64

These binaries (installable software) and packages are in development.
They may not be fully stable and should be used with caution. We make no claims about them.