Last updated on 2025-10-23 21:51:22 CEST.
Flavor | Version | Tinstall | Tcheck | Ttotal | Status | Flags |
---|---|---|---|---|---|---|
r-devel-linux-x86_64-debian-clang | 1.0.0 | 5.93 | 96.57 | 102.50 | NOTE | |
r-devel-linux-x86_64-debian-gcc | 1.0.0 | 4.38 | 64.65 | 69.03 | NOTE | |
r-devel-linux-x86_64-fedora-clang | 1.0.0 | 10.00 | 122.71 | 132.71 | NOTE | |
r-devel-linux-x86_64-fedora-gcc | 1.0.0 | 31.00 | 149.12 | 180.12 | NOTE | |
r-devel-windows-x86_64 | 1.0.0 | 9.00 | 104.00 | 113.00 | NOTE | |
r-patched-linux-x86_64 | 1.0.0 | 5.46 | 89.74 | 95.20 | NOTE | |
r-release-linux-x86_64 | 1.0.0 | 5.79 | 90.22 | 96.01 | NOTE | |
r-release-macos-arm64 | 1.0.0 | 3.00 | 65.00 | 68.00 | NOTE | |
r-release-macos-x86_64 | 1.0.0 | 6.00 | 118.00 | 124.00 | NOTE | |
r-release-windows-x86_64 | 1.0.0 | 11.00 | 106.00 | 117.00 | NOTE | |
r-oldrel-macos-arm64 | 1.0.0 | 3.00 | 50.00 | 53.00 | OK | |
r-oldrel-macos-x86_64 | 1.0.0 | 6.00 | 83.00 | 89.00 | OK | |
r-oldrel-windows-x86_64 | 1.0.0 | 12.00 | 130.00 | 142.00 | OK |
Version: 1.0.0
Check: DESCRIPTION meta-information
Result: NOTE
Missing dependency on R >= 4.1.0 because package code uses the pipe
|> or function shorthand \(...) syntax added in R 4.1.0.
File(s) using such syntax:
‘causal-model.R’ ‘check-linearity.R’ ‘deprecated.R’
‘translation-modules.R’ ‘utils.R’
Flavors: r-devel-linux-x86_64-debian-clang, r-devel-linux-x86_64-debian-gcc, r-devel-linux-x86_64-fedora-clang, r-devel-linux-x86_64-fedora-gcc, r-devel-windows-x86_64, r-patched-linux-x86_64, r-release-linux-x86_64, r-release-macos-arm64, r-release-macos-x86_64, r-release-windows-x86_64
These binaries (installable software) and packages are in development.
They may not be fully stable and should be used with caution. We make no claims about them.