CRAN Package Check Results for Package causens

Last updated on 2025-10-23 17:50:43 CEST.

Flavor Version Tinstall Tcheck Ttotal Status Flags
r-devel-linux-x86_64-debian-clang 0.0.3 2.14 822.16 824.30 NOTE
r-devel-linux-x86_64-debian-gcc 0.0.3 1.61 614.55 616.16 OK
r-devel-linux-x86_64-fedora-clang 0.0.3 972.42 OK
r-devel-linux-x86_64-fedora-gcc 0.0.3 1404.71 OK
r-devel-windows-x86_64 0.0.3 3.00 1100.00 1103.00 OK
r-patched-linux-x86_64 0.0.3 2.10 819.21 821.31 OK
r-release-linux-x86_64 0.0.3 2.10 814.76 816.86 OK
r-release-macos-arm64 0.0.3 1.00 459.00 460.00 OK
r-release-macos-x86_64 0.0.3 2.00 809.00 811.00 OK
r-release-windows-x86_64 0.0.3 4.00 1025.00 1029.00 OK
r-oldrel-macos-arm64 0.0.3 1.00 508.00 509.00 OK
r-oldrel-macos-x86_64 0.0.3 2.00 923.00 925.00 OK
r-oldrel-windows-x86_64 0.0.3 6.00 1319.00 1325.00 OK

Check Details

Version: 0.0.3
Check: HTML version of manual
Result: NOTE Found the following HTML validation problems: create_jags_model.html:60:1 (create_jags_model.Rd:19): Warning: missing </ul> before </div> Flavor: r-devel-linux-x86_64-debian-clang

These binaries (installable software) and packages are in development.
They may not be fully stable and should be used with caution. We make no claims about them.