Last updated on 2025-10-03 17:48:29 CEST.
Flavor | Version | Tinstall | Tcheck | Ttotal | Status | Flags |
---|---|---|---|---|---|---|
r-devel-linux-x86_64-debian-clang | 0.3.20 | 145.02 | 2.28 | 147.30 | ERROR | |
r-devel-linux-x86_64-debian-gcc | 0.3.20 | 115.92 | 2.07 | 117.99 | ERROR | |
r-devel-linux-x86_64-fedora-clang | 0.3.20 | 246.74 | OK | |||
r-devel-linux-x86_64-fedora-gcc | 0.3.20 | 254.28 | OK | |||
r-devel-windows-x86_64 | 0.3.20 | 115.00 | 44.00 | 159.00 | OK | |
r-patched-linux-x86_64 | 0.3.20 | 145.43 | 1.78 | 147.21 | ERROR | |
r-release-linux-x86_64 | 0.3.20 | 147.32 | 1.78 | 149.10 | ERROR | |
r-release-macos-arm64 | 0.3.20 | 75.00 | OK | |||
r-release-macos-x86_64 | 0.3.20 | 123.00 | OK | |||
r-release-windows-x86_64 | 0.3.20 | 122.00 | 48.00 | 170.00 | OK | |
r-oldrel-macos-arm64 | 0.3.20 | 74.00 | OK | |||
r-oldrel-macos-x86_64 | 0.3.20 | 119.00 | OK | |||
r-oldrel-windows-x86_64 | 0.3.20 | 128.00 | 56.00 | 184.00 | OK |
Version: 0.3.20
Check: whether package can be installed
Result: ERROR
Installation failed.
Flavors: r-devel-linux-x86_64-debian-clang, r-devel-linux-x86_64-debian-gcc, r-patched-linux-x86_64, r-release-linux-x86_64
These binaries (installable software) and packages are in development.
They may not be fully stable and should be used with caution. We make no claims about them.