Last updated on 2025-02-19 16:50:43 CET.
Flavor | Version | Tinstall | Tcheck | Ttotal | Status | Flags |
---|---|---|---|---|---|---|
r-devel-linux-x86_64-debian-clang | 0.1.3 | 7.84 | 72.21 | 80.05 | OK | |
r-devel-linux-x86_64-debian-gcc | 0.1.3 | 5.12 | 51.77 | 56.89 | OK | |
r-devel-linux-x86_64-fedora-clang | 0.1.3 | 129.33 | OK | |||
r-devel-linux-x86_64-fedora-gcc | 0.1.3 | 117.37 | OK | |||
r-devel-macos-arm64 | 0.1.3 | 37.00 | OK | |||
r-devel-macos-x86_64 | 0.1.3 | 72.00 | OK | |||
r-devel-windows-x86_64 | 0.1.3 | 9.00 | 83.00 | 92.00 | OK | |
r-patched-linux-x86_64 | 0.1.3 | 6.99 | 67.97 | 74.96 | OK | |
r-release-linux-x86_64 | 0.1.3 | 7.09 | 65.97 | 73.06 | OK | |
r-release-macos-arm64 | 0.1.3 | 37.00 | OK | |||
r-release-macos-x86_64 | 0.1.3 | 64.00 | OK | |||
r-release-windows-x86_64 | 0.1.3 | 8.00 | 3.00 | 11.00 | FAIL | |
r-oldrel-macos-arm64 | 0.1.3 | 42.00 | OK | |||
r-oldrel-macos-x86_64 | 0.1.3 | 67.00 | OK | |||
r-oldrel-windows-x86_64 | 0.1.3 | 10.00 | 120.00 | 130.00 | OK |
Version: 0.1.3
Check: package dependencies
Result: FAIL
Flavor: r-release-windows-x86_64
These binaries (installable software) and packages are in development.
They may not be fully stable and should be used with caution. We make no claims about them.