Last updated on 2025-10-23 21:51:22 CEST.
Flavor | Version | Tinstall | Tcheck | Ttotal | Status | Flags |
---|---|---|---|---|---|---|
r-devel-linux-x86_64-debian-clang | 0.2.0.4 | 1462.34 | 192.44 | 1654.78 | NOTE | |
r-devel-linux-x86_64-debian-gcc | 0.2.0.4 | 1254.10 | 248.29 | 1502.39 | OK | |
r-devel-linux-x86_64-fedora-clang | 0.2.0.4 | 1740.00 | 181.35 | 1921.35 | OK | |
r-devel-linux-x86_64-fedora-gcc | 0.2.0.4 | 4320.00 | -574.41 | 3745.59 | OK | |
r-devel-windows-x86_64 | 0.2.0.4 | 1714.00 | 333.00 | 2047.00 | OK | |
r-patched-linux-x86_64 | 0.2.0.4 | 1812.08 | 347.59 | 2159.67 | OK | |
r-release-linux-x86_64 | 0.2.0.4 | 1817.36 | 344.04 | 2161.40 | OK | |
r-release-macos-arm64 | 0.2.0.4 | 583.00 | 56.00 | 639.00 | OK | |
r-release-macos-x86_64 | 0.2.0.4 | 436.00 | 85.00 | 521.00 | OK | |
r-release-windows-x86_64 | 0.2.0.4 | 1704.00 | 320.00 | 2024.00 | OK | |
r-oldrel-macos-arm64 | 0.2.0.4 | 421.00 | 40.00 | 461.00 | NOTE | |
r-oldrel-macos-x86_64 | 0.2.0.4 | 441.00 | 106.00 | 547.00 | NOTE | |
r-oldrel-windows-x86_64 | 0.2.0.4 | 1904.00 | 397.00 | 2301.00 | NOTE |
Version: 0.2.0.4
Check: HTML version of manual
Result: NOTE
Found the following HTML validation problems:
print_text.cbq.html:50:1 (print_text.cbq.Rd:12): Warning: missing </ul> before </div>
Flavor: r-devel-linux-x86_64-debian-clang
Version: 0.2.0.4
Check: installed package size
Result: NOTE
installed size is 168.4Mb
sub-directories of 1Mb or more:
libs 167.9Mb
Flavors: r-oldrel-macos-arm64, r-oldrel-macos-x86_64, r-oldrel-windows-x86_64
Version: 0.2.0.4
Check: for GNU extensions in Makefiles
Result: NOTE
GNU make is a SystemRequirements.
Flavors: r-oldrel-macos-arm64, r-oldrel-macos-x86_64, r-oldrel-windows-x86_64
These binaries (installable software) and packages are in development.
They may not be fully stable and should be used with caution. We make no claims about them.