Last updated on 2025-05-21 21:49:11 CEST.
Flavor | Version | Tinstall | Tcheck | Ttotal | Status | Flags |
---|---|---|---|---|---|---|
r-devel-linux-x86_64-debian-clang | 0.2.0.4 | 1455.65 | 180.34 | 1635.99 | OK | |
r-devel-linux-x86_64-debian-gcc | 0.2.0.4 | 1384.14 | 244.17 | 1628.31 | OK | |
r-devel-linux-x86_64-fedora-clang | 0.2.0.4 | 2621.30 | OK | |||
r-devel-linux-x86_64-fedora-gcc | 0.2.0.4 | 4186.28 | OK | |||
r-devel-windows-x86_64 | 0.2.0.4 | 1736.00 | 340.00 | 2076.00 | OK | |
r-patched-linux-x86_64 | 0.2.0.4 | 1719.50 | 334.18 | 2053.68 | OK | |
r-release-linux-x86_64 | 0.2.0.4 | 1785.47 | 331.07 | 2116.54 | OK | |
r-release-macos-arm64 | 0.2.0.4 | 639.00 | OK | |||
r-release-macos-x86_64 | 0.2.0.4 | 521.00 | OK | |||
r-release-windows-x86_64 | 0.2.0.4 | 1738.00 | 338.00 | 2076.00 | OK | |
r-oldrel-macos-arm64 | 0.2.0.4 | 461.00 | NOTE | |||
r-oldrel-macos-x86_64 | 0.2.0.4 | 547.00 | NOTE | |||
r-oldrel-windows-x86_64 | 0.2.0.4 | 1902.00 | 395.00 | 2297.00 | NOTE |
Version: 0.2.0.4
Check: installed package size
Result: NOTE
installed size is 168.4Mb
sub-directories of 1Mb or more:
libs 167.9Mb
Flavors: r-oldrel-macos-arm64, r-oldrel-macos-x86_64, r-oldrel-windows-x86_64
Version: 0.2.0.4
Check: for GNU extensions in Makefiles
Result: NOTE
GNU make is a SystemRequirements.
Flavors: r-oldrel-macos-arm64, r-oldrel-macos-x86_64, r-oldrel-windows-x86_64
These binaries (installable software) and packages are in development.
They may not be fully stable and should be used with caution. We make no claims about them.