CRAN Package Check Results for Package cbsodataR

Last updated on 2025-02-16 10:50:43 CET.

Flavor Version Tinstall Tcheck Ttotal Status Flags
r-devel-linux-x86_64-debian-clang 1.1 3.08 35.96 39.04 NOTE
r-devel-linux-x86_64-debian-gcc 1.1 2.24 28.63 30.87 NOTE
r-devel-linux-x86_64-fedora-clang 1.1 65.56 NOTE
r-devel-linux-x86_64-fedora-gcc 1.1 73.81 NOTE
r-devel-macos-arm64 1.1 30.00 OK
r-devel-macos-x86_64 1.1 63.00 NOTE
r-devel-windows-x86_64 1.1 5.00 66.00 71.00 NOTE
r-patched-linux-x86_64 1.1 3.59 34.06 37.65 OK
r-release-linux-x86_64 1.1 2.87 34.26 37.13 OK
r-release-macos-arm64 1.1 34.00 OK
r-release-macos-x86_64 1.1 78.00 OK
r-release-windows-x86_64 1.1 4.00 66.00 70.00 OK
r-oldrel-macos-arm64 1.1 53.00 OK
r-oldrel-macos-x86_64 1.1 75.00 OK
r-oldrel-windows-x86_64 1.1 5.00 84.00 89.00 OK

Check Details

Version: 1.1
Check: DESCRIPTION meta-information
Result: NOTE Missing dependency on R >= 4.1.0 because package code uses the pipe |> or function shorthand \(...) syntax added in R 4.1.0. File(s) using such syntax: ‘cbs_get_sf.R’ Flavors: r-devel-linux-x86_64-debian-clang, r-devel-linux-x86_64-debian-gcc, r-devel-linux-x86_64-fedora-clang, r-devel-linux-x86_64-fedora-gcc, r-devel-macos-x86_64, r-devel-windows-x86_64

These binaries (installable software) and packages are in development.
They may not be fully stable and should be used with caution. We make no claims about them.