CRAN Package Check Results for Package ccaPP

Last updated on 2025-10-03 05:53:26 CEST.

Flavor Version Tinstall Tcheck Ttotal Status Flags
r-devel-linux-x86_64-debian-clang 0.3.4 60.99 62.06 123.05 WARN
r-devel-linux-x86_64-debian-gcc 0.3.5 32.38 48.70 81.08 OK
r-devel-linux-x86_64-fedora-clang 0.3.5 211.23 OK
r-devel-linux-x86_64-fedora-gcc 0.3.5 171.96 OK
r-devel-windows-x86_64 0.3.4 62.00 115.00 177.00 WARN
r-patched-linux-x86_64 0.3.4 56.26 61.62 117.88 WARN
r-release-linux-x86_64 0.3.4 50.11 61.84 111.95 WARN
r-release-macos-arm64 0.3.4 73.00 OK
r-release-macos-x86_64 0.3.5 144.00 OK
r-release-windows-x86_64 0.3.4 62.00 118.00 180.00 WARN
r-oldrel-macos-arm64 0.3.4 62.00 NOTE
r-oldrel-macos-x86_64 0.3.5 121.00 NOTE
r-oldrel-windows-x86_64 0.3.5 69.00 134.00 203.00 OK

Check Details

Version: 0.3.4
Check: whether package can be installed
Result: WARN Found the following significant warnings: cca.cpp:449:31: warning: 'max' is deprecated: use .index_max() instead [-Wdeprecated-declarations] See ‘/home/hornik/tmp/R.check/r-devel-clang/Work/PKGS/ccaPP.Rcheck/00install.out’ for details. * used C compiler: ‘Debian clang version 19.1.7 (3+b2)’ * used C++ compiler: ‘Debian clang version 19.1.7 (3+b2)’ Flavor: r-devel-linux-x86_64-debian-clang

Version: 0.3.4
Check: whether package can be installed
Result: WARN Found the following significant warnings: cca.cpp:449:48: warning: 'eT arma::Mat<eT>::max(arma::uword&) const [with eT = double; arma::uword = unsigned int]' is deprecated: use .index_max() instead [-Wdeprecated-declarations] See 'd:/Rcompile/CRANpkg/local/4.6/ccaPP.Rcheck/00install.out' for details. * used C compiler: 'gcc.exe (GCC) 14.2.0' * used C++ compiler: 'g++.exe (GCC) 14.2.0' Flavor: r-devel-windows-x86_64

Version: 0.3.4
Check: whether package can be installed
Result: WARN Found the following significant warnings: cca.cpp:449:48: warning: ‘eT arma::Mat<eT>::max(arma::uword&) const [with eT = double; arma::uword = unsigned int]’ is deprecated: use .index_max() instead [-Wdeprecated-declarations] See ‘/home/hornik/tmp/R.check/r-patched-gcc/Work/PKGS/ccaPP.Rcheck/00install.out’ for details. * used C compiler: ‘gcc-14 (Debian 14.3.0-8) 14.3.0’ * used C++ compiler: ‘g++-14 (Debian 14.3.0-8) 14.3.0’ Flavor: r-patched-linux-x86_64

Version: 0.3.4
Check: whether package can be installed
Result: WARN Found the following significant warnings: cca.cpp:449:48: warning: ‘eT arma::Mat<eT>::max(arma::uword&) const [with eT = double; arma::uword = unsigned int]’ is deprecated: use .index_max() instead [-Wdeprecated-declarations] See ‘/home/hornik/tmp/R.check/r-release-gcc/Work/PKGS/ccaPP.Rcheck/00install.out’ for details. * used C compiler: ‘gcc-14 (Debian 14.3.0-8) 14.3.0’ * used C++ compiler: ‘g++-14 (Debian 14.3.0-8) 14.3.0’ Flavor: r-release-linux-x86_64

Version: 0.3.4
Check: whether package can be installed
Result: WARN Found the following significant warnings: cca.cpp:449:48: warning: 'eT arma::Mat<eT>::max(arma::uword&) const [with eT = double; arma::uword = unsigned int]' is deprecated: use .index_max() instead [-Wdeprecated-declarations] See 'd:/Rcompile/CRANpkg/local/4.5/ccaPP.Rcheck/00install.out' for details. * used C compiler: 'gcc.exe (GCC) 14.2.0' * used C++ compiler: 'g++.exe (GCC) 14.2.0' Flavor: r-release-windows-x86_64

Version: 0.3.4
Check: installed package size
Result: NOTE installed size is 5.2Mb sub-directories of 1Mb or more: libs 4.9Mb Flavor: r-oldrel-macos-arm64

Version: 0.3.5
Check: installed package size
Result: NOTE installed size is 5.3Mb sub-directories of 1Mb or more: libs 5.0Mb Flavor: r-oldrel-macos-x86_64

These binaries (installable software) and packages are in development.
They may not be fully stable and should be used with caution. We make no claims about them.