Last updated on 2025-02-02 14:48:19 CET.
Flavor | Version | Tinstall | Tcheck | Ttotal | Status | Flags |
---|---|---|---|---|---|---|
r-devel-linux-x86_64-debian-clang | 0.3.4 | 56.32 | 59.04 | 115.36 | OK | |
r-devel-linux-x86_64-debian-gcc | 0.3.4 | 37.19 | 45.34 | 82.53 | OK | |
r-devel-linux-x86_64-fedora-clang | 0.3.4 | 204.80 | OK | |||
r-devel-linux-x86_64-fedora-gcc | 0.3.4 | 216.19 | OK | |||
r-devel-windows-x86_64 | 0.3.4 | 56.00 | 113.00 | 169.00 | OK | |
r-patched-linux-x86_64 | 0.3.4 | 51.46 | 57.05 | 108.51 | OK | |
r-release-linux-x86_64 | 0.3.4 | 50.61 | 56.90 | 107.51 | OK | |
r-release-macos-arm64 | 0.3.4 | 62.00 | NOTE | |||
r-release-macos-x86_64 | 0.3.4 | 139.00 | NOTE | |||
r-release-windows-x86_64 | 0.3.4 | 57.00 | 118.00 | 175.00 | OK | |
r-oldrel-macos-arm64 | 0.3.4 | 70.00 | OK | |||
r-oldrel-macos-x86_64 | 0.3.4 | 120.00 | OK | |||
r-oldrel-windows-x86_64 | 0.3.4 | 64.00 | 129.00 | 193.00 | OK |
Version: 0.3.4
Check: installed package size
Result: NOTE
installed size is 5.2Mb
sub-directories of 1Mb or more:
libs 4.9Mb
Flavors: r-release-macos-arm64, r-release-macos-x86_64
These binaries (installable software) and packages are in development.
They may not be fully stable and should be used with caution. We make no claims about them.