Last updated on 2025-05-01 14:49:06 CEST.
Flavor | Version | Tinstall | Tcheck | Ttotal | Status | Flags |
---|---|---|---|---|---|---|
r-devel-linux-x86_64-debian-clang | 3.0.4 | 8.71 | 66.65 | 75.36 | NOTE | |
r-devel-linux-x86_64-debian-gcc | 3.0.4 | 5.89 | 45.08 | 50.97 | OK | |
r-devel-linux-x86_64-fedora-clang | 3.0.4 | 110.39 | OK | |||
r-devel-linux-x86_64-fedora-gcc | 3.0.4 | 102.32 | OK | |||
r-devel-windows-x86_64 | 3.0.4 | 10.00 | 88.00 | 98.00 | OK | |
r-patched-linux-x86_64 | 3.0.4 | 8.79 | 63.35 | 72.14 | OK | |
r-release-linux-x86_64 | OK | |||||
r-release-macos-arm64 | 3.0.4 | 38.00 | OK | |||
r-release-macos-x86_64 | 3.0.4 | 83.00 | OK | |||
r-release-windows-x86_64 | 3.0.4 | 10.00 | 91.00 | 101.00 | OK | |
r-oldrel-macos-arm64 | 3.0.4 | 43.00 | OK | |||
r-oldrel-macos-x86_64 | 3.0.4 | 71.00 | OK | |||
r-oldrel-windows-x86_64 | 3.0.4 | 13.00 | 102.00 | 115.00 | OK |
Version: 3.0.4
Check: examples
Result: NOTE
Examples with CPU (user + system) or elapsed time > 5s
user system elapsed
cccUst 6.266 0.076 7.814
Flavor: r-devel-linux-x86_64-debian-clang
These binaries (installable software) and packages are in development.
They may not be fully stable and should be used with caution. We make no claims about them.