CRAN Package Check Results for Package ccda

Last updated on 2025-07-12 19:49:56 CEST.

Flavor Version Tinstall Tcheck Ttotal Status Flags
r-devel-linux-x86_64-debian-clang 1.1.1 1.86 36.17 38.03 NOTE
r-devel-linux-x86_64-debian-gcc 1.1.1 1.48 25.95 27.43 NOTE
r-devel-linux-x86_64-fedora-clang 1.1.1 59.69 OK
r-devel-linux-x86_64-fedora-gcc 1.1.1 58.43 OK
r-devel-windows-x86_64 1.1.1 3.00 52.00 55.00 OK
r-patched-linux-x86_64 1.1.1 2.06 33.19 35.25 OK
r-release-linux-x86_64 1.1.1 1.87 34.68 36.55 OK
r-release-macos-arm64 1.1.1 20.00 OK
r-release-macos-x86_64 1.1.1 40.00 OK
r-release-windows-x86_64 1.1.1 3.00 56.00 59.00 OK
r-oldrel-macos-arm64 1.1.1 23.00 OK
r-oldrel-macos-x86_64 1.1.1 45.00 OK
r-oldrel-windows-x86_64 1.1.1 2.00 63.00 65.00 OK

Check Details

Version: 1.1.1
Check: CRAN incoming feasibility
Result: NOTE Maintainer: ‘Solt Kovacs <ccda@caesar.elte.hu>’ No Authors@R field in DESCRIPTION. Please add one, modifying Authors@R: c(person(given = "Solt", family = "Kovacs", role = c("aut", "cre"), email = "ccda@caesar.elte.hu"), person(given = "Jozsef", family = "Kovacs", role = "aut"), person(given = "Peter", family = "Tanos", role = "aut")) as necessary. Flavors: r-devel-linux-x86_64-debian-clang, r-devel-linux-x86_64-debian-gcc

These binaries (installable software) and packages are in development.
They may not be fully stable and should be used with caution. We make no claims about them.