Last updated on 2025-05-01 14:49:06 CEST.
Flavor | Version | Tinstall | Tcheck | Ttotal | Status | Flags |
---|---|---|---|---|---|---|
r-devel-linux-x86_64-debian-clang | 1.1.1 | 1.84 | 35.13 | 36.97 | NOTE | |
r-devel-linux-x86_64-debian-gcc | 1.1.1 | 1.55 | 25.40 | 26.95 | NOTE | |
r-devel-linux-x86_64-fedora-clang | 1.1.1 | 58.00 | OK | |||
r-devel-linux-x86_64-fedora-gcc | 1.1.1 | 56.50 | OK | |||
r-devel-windows-x86_64 | 1.1.1 | 2.00 | 57.00 | 59.00 | OK | |
r-patched-linux-x86_64 | 1.1.1 | 2.00 | 33.46 | 35.46 | OK | |
r-release-linux-x86_64 | OK | |||||
r-release-macos-arm64 | 1.1.1 | 20.00 | OK | |||
r-release-macos-x86_64 | 1.1.1 | 40.00 | OK | |||
r-release-windows-x86_64 | 1.1.1 | 3.00 | 60.00 | 63.00 | OK | |
r-oldrel-macos-arm64 | 1.1.1 | 23.00 | OK | |||
r-oldrel-macos-x86_64 | 1.1.1 | 45.00 | OK | |||
r-oldrel-windows-x86_64 | 1.1.1 | 3.00 | 60.00 | 63.00 | OK |
Version: 1.1.1
Check: CRAN incoming feasibility
Result: NOTE
Maintainer: ‘Solt Kovacs <ccda@caesar.elte.hu>’
No Authors@R field in DESCRIPTION.
Please add one, modifying
Authors@R: c(person(given = "Solt",
family = "Kovacs",
role = c("aut", "cre"),
email = "ccda@caesar.elte.hu"),
person(given = "Jozsef",
family = "Kovacs",
role = "aut"),
person(given = "Peter",
family = "Tanos",
role = "aut"))
as necessary.
Flavors: r-devel-linux-x86_64-debian-clang, r-devel-linux-x86_64-debian-gcc
Version: 1.1.1
Check: examples
Result: NOTE
Examples with CPU (user + system) or elapsed time > 5s
user system elapsed
ccda.main 4.171 0.080 5.602
plotccda.q95 4.003 0.004 5.298
plotccda.cluster 3.974 0.001 5.443
Flavor: r-devel-linux-x86_64-debian-clang
These binaries (installable software) and packages are in development.
They may not be fully stable and should be used with caution. We make no claims about them.