Last updated on 2025-05-01 14:49:06 CEST.
Flavor | Version | Tinstall | Tcheck | Ttotal | Status | Flags |
---|---|---|---|---|---|---|
r-devel-linux-x86_64-debian-clang | 1.0 | 2.34 | 29.19 | 31.53 | NOTE | |
r-devel-linux-x86_64-debian-gcc | 1.0 | 1.86 | 22.02 | 23.88 | NOTE | |
r-devel-linux-x86_64-fedora-clang | 1.0 | 48.84 | OK | |||
r-devel-linux-x86_64-fedora-gcc | 1.0 | 47.33 | OK | |||
r-devel-windows-x86_64 | 1.0 | 3.00 | 56.00 | 59.00 | OK | |
r-patched-linux-x86_64 | 1.0 | 2.33 | 27.60 | 29.93 | OK | |
r-release-linux-x86_64 | OK | |||||
r-release-macos-arm64 | 1.0 | 19.00 | OK | |||
r-release-macos-x86_64 | 1.0 | 35.00 | OK | |||
r-release-windows-x86_64 | 1.0 | 3.00 | 59.00 | 62.00 | OK | |
r-oldrel-macos-arm64 | 1.0 | 21.00 | OK | |||
r-oldrel-macos-x86_64 | 1.0 | 34.00 | OK | |||
r-oldrel-windows-x86_64 | 1.0 | 4.00 | 56.00 | 60.00 | OK |
Version: 1.0
Check: CRAN incoming feasibility
Result: NOTE
Maintainer: ‘Michael B. Sohn <msohn@mail.med.upenn.edu>’
No Authors@R field in DESCRIPTION.
Please add one, modifying
Authors@R: person(given = c("Michael", "B."),
family = "Sohn",
role = c("aut", "cre"),
email = "msohn@mail.med.upenn.edu")
as necessary.
Flavors: r-devel-linux-x86_64-debian-clang, r-devel-linux-x86_64-debian-gcc
Version: 1.0
Check: examples
Result: NOTE
Examples with CPU (user + system) or elapsed time > 5s
user system elapsed
ccmm 4.076 0.111 6.15
Flavor: r-devel-linux-x86_64-debian-clang
These binaries (installable software) and packages are in development.
They may not be fully stable and should be used with caution. We make no claims about them.