Last updated on 2025-05-21 23:48:38 CEST.
Flavor | Version | Tinstall | Tcheck | Ttotal | Status | Flags |
---|---|---|---|---|---|---|
r-devel-linux-x86_64-debian-clang | 0.1.0 | 12.91 | 94.08 | 106.99 | OK | |
r-devel-linux-x86_64-debian-gcc | 0.1.0 | 8.32 | 66.77 | 75.09 | OK | |
r-devel-linux-x86_64-fedora-clang | 0.1.0 | 177.45 | NOTE | |||
r-devel-linux-x86_64-fedora-gcc | 0.1.0 | 157.55 | NOTE | |||
r-devel-windows-x86_64 | 0.1.0 | 13.00 | 102.00 | 115.00 | OK | |
r-patched-linux-x86_64 | 0.1.0 | 11.97 | 87.50 | 99.47 | OK | |
r-release-linux-x86_64 | 0.1.0 | 11.09 | 88.05 | 99.14 | OK | |
r-release-macos-arm64 | 0.1.0 | 44.00 | OK | |||
r-release-macos-x86_64 | 0.1.0 | 138.00 | OK | |||
r-release-windows-x86_64 | 0.1.0 | 14.00 | 103.00 | 117.00 | OK | |
r-oldrel-macos-arm64 | 0.1.0 | 43.00 | OK | |||
r-oldrel-macos-x86_64 | 0.1.0 | 123.00 | OK | |||
r-oldrel-windows-x86_64 | 0.1.0 | 17.00 | 132.00 | 149.00 | OK |
Version: 0.1.0
Check: dependencies in R code
Result: NOTE
Namespace in Imports field not imported from: ‘methods’
All declared Imports should be used.
Flavors: r-devel-linux-x86_64-fedora-clang, r-devel-linux-x86_64-fedora-gcc
These binaries (installable software) and packages are in development.
They may not be fully stable and should be used with caution. We make no claims about them.