Last updated on 2025-02-16 10:50:43 CET.
Flavor | Version | Tinstall | Tcheck | Ttotal | Status | Flags |
---|---|---|---|---|---|---|
r-devel-linux-x86_64-debian-clang | 0.1.0 | 11.10 | 85.88 | 96.98 | OK | |
r-devel-linux-x86_64-debian-gcc | 0.1.0 | 7.93 | 60.57 | 68.50 | OK | |
r-devel-linux-x86_64-fedora-clang | 0.1.0 | 168.83 | NOTE | |||
r-devel-linux-x86_64-fedora-gcc | 0.1.0 | 147.41 | NOTE | |||
r-devel-macos-arm64 | 0.1.0 | 44.00 | OK | |||
r-devel-macos-x86_64 | 0.1.0 | 138.00 | OK | |||
r-devel-windows-x86_64 | 0.1.0 | 12.00 | 108.00 | 120.00 | OK | |
r-patched-linux-x86_64 | 0.1.0 | 11.10 | 79.39 | 90.49 | OK | |
r-release-linux-x86_64 | 0.1.0 | 9.10 | 79.79 | 88.89 | OK | |
r-release-macos-arm64 | 0.1.0 | 43.00 | OK | |||
r-release-macos-x86_64 | 0.1.0 | 123.00 | OK | |||
r-release-windows-x86_64 | 0.1.0 | 13.00 | 92.00 | 105.00 | OK | |
r-oldrel-macos-arm64 | 0.1.0 | 43.00 | OK | |||
r-oldrel-macos-x86_64 | 0.1.0 | 78.00 | OK | |||
r-oldrel-windows-x86_64 | 0.1.0 | 15.00 | 129.00 | 144.00 | OK |
Version: 0.1.0
Check: dependencies in R code
Result: NOTE
Namespace in Imports field not imported from: ‘methods’
All declared Imports should be used.
Flavors: r-devel-linux-x86_64-fedora-clang, r-devel-linux-x86_64-fedora-gcc
These binaries (installable software) and packages are in development.
They may not be fully stable and should be used with caution. We make no claims about them.