CRAN Package Check Results for Package ccss

Last updated on 2025-07-01 11:49:15 CEST.

Flavor Version Tinstall Tcheck Ttotal Status Flags
r-devel-linux-x86_64-debian-clang 1.0 1.64 17.54 19.18 NOTE
r-devel-linux-x86_64-debian-gcc 1.0 1.34 15.38 16.72 NOTE
r-devel-linux-x86_64-fedora-clang 1.0 29.72 OK
r-devel-linux-x86_64-fedora-gcc 1.0 27.38 OK
r-devel-windows-x86_64 1.0 2.00 38.00 40.00 OK
r-patched-linux-x86_64 OK
r-release-linux-x86_64 1.0 1.56 16.44 18.00 OK
r-release-macos-arm64 1.0 15.00 OK
r-release-macos-x86_64 1.0 22.00 OK
r-release-windows-x86_64 1.0 4.00 40.00 44.00 OK
r-oldrel-macos-arm64 1.0 19.00 OK
r-oldrel-macos-x86_64 1.0 29.00 OK
r-oldrel-windows-x86_64 1.0 3.00 38.00 41.00 OK

Check Details

Version: 1.0
Check: CRAN incoming feasibility
Result: NOTE Maintainer: ‘Abhibhav Sharma <mail.abhibhav@gmail.com>’ No Authors@R field in DESCRIPTION. Please add one, modifying Authors@R: person(given = "Abhibhav", family = "Sharma", role = c("aut", "cre"), email = "mail.abhibhav@gmail.com") as necessary. Flavors: r-devel-linux-x86_64-debian-clang, r-devel-linux-x86_64-debian-gcc

These binaries (installable software) and packages are in development.
They may not be fully stable and should be used with caution. We make no claims about them.