Last updated on 2025-07-25 13:50:16 CEST.
Flavor | Version | Tinstall | Tcheck | Ttotal | Status | Flags |
---|---|---|---|---|---|---|
r-devel-linux-x86_64-debian-clang | 1.0.6 | 13.92 | 126.22 | 140.14 | NOTE | |
r-devel-linux-x86_64-debian-gcc | 1.0.6 | 11.69 | 86.30 | 97.99 | NOTE | |
r-devel-linux-x86_64-fedora-clang | 1.0.6 | 232.41 | NOTE | |||
r-devel-linux-x86_64-fedora-gcc | 1.0.6 | 210.09 | NOTE | |||
r-devel-windows-x86_64 | 1.0.6 | 15.00 | 135.00 | 150.00 | NOTE | |
r-patched-linux-x86_64 | 1.0.6 | 14.62 | 118.26 | 132.88 | NOTE | |
r-release-linux-x86_64 | 1.0.6 | 14.87 | 117.92 | 132.79 | NOTE | |
r-release-macos-arm64 | 1.0.6 | 59.00 | NOTE | |||
r-release-macos-x86_64 | 1.0.6 | 107.00 | NOTE | |||
r-release-windows-x86_64 | 1.0.6 | 16.00 | 123.00 | 139.00 | NOTE | |
r-oldrel-macos-arm64 | 1.0.6 | 61.00 | NOTE | |||
r-oldrel-macos-x86_64 | 1.0.6 | 84.00 | NOTE | |||
r-oldrel-windows-x86_64 | 1.0.6 | 22.00 | 158.00 | 180.00 | NOTE |
Version: 1.0.6
Check: package subdirectories
Result: NOTE
Problems with news in ‘NEWS.md’:
No news entries found.
Flavors: r-devel-linux-x86_64-debian-clang, r-devel-linux-x86_64-debian-gcc, r-devel-linux-x86_64-fedora-clang, r-devel-linux-x86_64-fedora-gcc, r-devel-windows-x86_64, r-patched-linux-x86_64, r-release-linux-x86_64, r-release-macos-arm64, r-release-macos-x86_64, r-release-windows-x86_64, r-oldrel-macos-arm64, r-oldrel-macos-x86_64, r-oldrel-windows-x86_64
These binaries (installable software) and packages are in development.
They may not be fully stable and should be used with caution. We make no claims about them.