Last updated on 2025-05-01 08:52:29 CEST.
Flavor | Version | Tinstall | Tcheck | Ttotal | Status | Flags |
---|---|---|---|---|---|---|
r-devel-linux-x86_64-debian-clang | 1.0.6 | 13.36 | 122.05 | 135.41 | NOTE | |
r-devel-linux-x86_64-debian-gcc | 1.0.6 | 7.98 | 85.88 | 93.86 | NOTE | |
r-devel-linux-x86_64-fedora-clang | 1.0.6 | 216.94 | NOTE | |||
r-devel-linux-x86_64-fedora-gcc | 1.0.6 | 209.67 | NOTE | |||
r-devel-windows-x86_64 | 1.0.6 | 15.00 | 123.00 | 138.00 | NOTE | |
r-patched-linux-x86_64 | 1.0.6 | 15.05 | 117.74 | 132.79 | NOTE | |
r-release-linux-x86_64 | NOTE | |||||
r-release-macos-arm64 | 1.0.6 | 59.00 | NOTE | |||
r-release-macos-x86_64 | 1.0.6 | 107.00 | NOTE | |||
r-release-windows-x86_64 | 1.0.6 | 17.00 | 126.00 | 143.00 | NOTE | |
r-oldrel-macos-arm64 | 1.0.6 | 61.00 | NOTE | |||
r-oldrel-macos-x86_64 | 1.0.6 | 84.00 | NOTE | |||
r-oldrel-windows-x86_64 | 1.0.6 | 21.00 | 155.00 | 176.00 | NOTE |
Version: 1.0.6
Check: package subdirectories
Result: NOTE
Problems with news in ‘NEWS.md’:
No news entries found.
Flavors: r-devel-linux-x86_64-debian-clang, r-devel-linux-x86_64-debian-gcc, r-devel-linux-x86_64-fedora-clang, r-devel-linux-x86_64-fedora-gcc, r-devel-windows-x86_64, r-patched-linux-x86_64, r-release-linux-x86_64, r-release-macos-arm64, r-release-macos-x86_64, r-release-windows-x86_64, r-oldrel-macos-arm64, r-oldrel-macos-x86_64, r-oldrel-windows-x86_64
Version: 1.0.6
Check: examples
Result: NOTE
Examples with CPU (user + system) or elapsed time > 5s
user system elapsed
LR.2step 4.919 0.215 6.141
cdcat 1.151 0.057 7.599
Flavor: r-devel-linux-x86_64-debian-clang
Version: 1.0.6
Check: examples
Result: NA
user system elapsed
cdcat 0.641 0.021 6.88
OK
Flavor: r-devel-linux-x86_64-debian-gcc
These binaries (installable software) and packages are in development.
They may not be fully stable and should be used with caution. We make no claims about them.